REPLACE INTO `rvs_category` (`rvs_category_id`, `category_name`, `category_sh_name`) VALUES ('13', 'Internet Services', 'in');
REPLACE INTO `rvs_charset` (`charset_id`, `charset_name`, `charset_value`, `xml_lang`) VALUES ('17', 'english', 'iso-8859-15', 'en');
REPLACE INTO `rvs_color` (`color_id`, `color_name`, `color_code`) VALUES ('8', 'Blue', '0000FF');
REPLACE INTO `rvs_color_group` (`color_group_id`, `color_id`) VALUES ('2', '8');
REPLACE INTO `rvs_color_group_name` (`color_group_id`, `default_color_id`) VALUES ('2', '8');
REPLACE INTO `rvs_component` (`rvs_component_id`, `component_name`, `rvs_owner_usr_id`, `use_wysiwyg`) VALUES ('ca5c8a59c1ed21848c6e8b5aa372f83e', 'Online_Form', '391b5bcb24bba649d9f605055c109a96', '1');
REPLACE INTO `rvs_component_config` (`rvs_component_id`, `component_config`, `component_value`) VALUES ('ca5c8a59c1ed21848c6e8b5aa372f83e', 'active', '1');
REPLACE INTO `rvs_component_config` (`rvs_component_id`, `component_config`, `component_value`) VALUES ('ca5c8a59c1ed21848c6e8b5aa372f83e', 'isResellerConfig', '1');
REPLACE INTO `rvs_font` (`font_id`, `font_name`) VALUES ('12', 'Verdana');
REPLACE INTO `rvs_internal_page` (`internal_page_id`, `project_id`, `project_page_id`) VALUES ('c05ebb9bf342598fb89ef0c1751a3bad', '7a553e1a244f137ca736778972b3c10e', '6e847b846fe716af5f9f770165f537e5');
REPLACE INTO `rvs_internal_page` (`internal_page_id`, `project_id`, `project_page_id`) VALUES ('7302bec37ec860d2d5f0eaa92cc7cb48', '7a553e1a244f137ca736778972b3c10e', '5ec5d2825f906e0773594a87c7a83d5e');
REPLACE INTO `rvs_internal_page` (`internal_page_id`, `project_id`, `project_page_id`) VALUES ('752b10f7ca8c979bc6c741a136d30982', '7a553e1a244f137ca736778972b3c10e', '1c4babe5a042cac0c8a66b9c19f156ad');
REPLACE INTO `forms` (`id`, `username`, `title`, `height`, `status`) VALUES ('e5545c9c4f5eff2c364e910818027267', '7a553e1a244f137ca736778972b3c10e', 'contact us', '40', 'Enabled');
REPLACE INTO `questions` (`form_id`, `id`, `order`, `type`) VALUES ('e5545c9c4f5eff2c364e910818027267', '0', '1', 'control_textbox');
REPLACE INTO `questions` (`form_id`, `id`, `order`, `type`) VALUES ('e5545c9c4f5eff2c364e910818027267', '1', '2', 'control_textbox');
REPLACE INTO `questions` (`form_id`, `id`, `order`, `type`) VALUES ('e5545c9c4f5eff2c364e910818027267', '2', '3', 'control_textbox');
REPLACE INTO `questions` (`form_id`, `id`, `order`, `type`) VALUES ('e5545c9c4f5eff2c364e910818027267', '7', '5', 'control_textarea');
REPLACE INTO `questions` (`form_id`, `id`, `order`, `type`) VALUES ('e5545c9c4f5eff2c364e910818027267', '8', '6', 'control_button');
REPLACE INTO `questions` (`form_id`, `id`, `order`, `type`) VALUES ('e5545c9c4f5eff2c364e910818027267', '12', '4', 'control_textbox');
REPLACE INTO `question_properties` (`form_id`, `question_id`, `prop`, `value`) VALUES ('e5545c9c4f5eff2c364e910818027267', '0', 'desc', NULL);
REPLACE INTO `question_properties` (`form_id`, `question_id`, `prop`, `value`) VALUES ('e5545c9c4f5eff2c364e910818027267', '0', 'maxsize', '100');
REPLACE INTO `question_properties` (`form_id`, `question_id`, `prop`, `value`) VALUES ('e5545c9c4f5eff2c364e910818027267', '0', 'required', 'yes');
REPLACE INTO `question_properties` (`form_id`, `question_id`, `prop`, `value`) VALUES ('e5545c9c4f5eff2c364e910818027267', '0', 'size', '20');
REPLACE INTO `question_properties` (`form_id`, `question_id`, `prop`, `value`) VALUES ('e5545c9c4f5eff2c364e910818027267', '0', 'text', 'First Name');
REPLACE INTO `question_properties` (`form_id`, `question_id`, `prop`, `value`) VALUES ('e5545c9c4f5eff2c364e910818027267', '0', 'validation', 'no');
REPLACE INTO `question_properties` (`form_id`, `question_id`, `prop`, `value`) VALUES ('e5545c9c4f5eff2c364e910818027267', '1', 'desc', NULL);
REPLACE INTO `question_properties` (`form_id`, `question_id`, `prop`, `value`) VALUES ('e5545c9c4f5eff2c364e910818027267', '1', 'maxsize', '100');
REPLACE INTO `question_properties` (`form_id`, `question_id`, `prop`, `value`) VALUES ('e5545c9c4f5eff2c364e910818027267', '1', 'required', 'yes');
REPLACE INTO `question_properties` (`form_id`, `question_id`, `prop`, `value`) VALUES ('e5545c9c4f5eff2c364e910818027267', '1', 'size', '20');
REPLACE INTO `question_properties` (`form_id`, `question_id`, `prop`, `value`) VALUES ('e5545c9c4f5eff2c364e910818027267', '1', 'text', 'Last Name');
REPLACE INTO `question_properties` (`form_id`, `question_id`, `prop`, `value`) VALUES ('e5545c9c4f5eff2c364e910818027267', '1', 'validation', 'no');
REPLACE INTO `question_properties` (`form_id`, `question_id`, `prop`, `value`) VALUES ('e5545c9c4f5eff2c364e910818027267', '2', 'desc', NULL);
REPLACE INTO `question_properties` (`form_id`, `question_id`, `prop`, `value`) VALUES ('e5545c9c4f5eff2c364e910818027267', '2', 'maxsize', '100');
REPLACE INTO `question_properties` (`form_id`, `question_id`, `prop`, `value`) VALUES ('e5545c9c4f5eff2c364e910818027267', '2', 'required', 'yes');
REPLACE INTO `question_properties` (`form_id`, `question_id`, `prop`, `value`) VALUES ('e5545c9c4f5eff2c364e910818027267', '2', 'size', '20');
REPLACE INTO `question_properties` (`form_id`, `question_id`, `prop`, `value`) VALUES ('e5545c9c4f5eff2c364e910818027267', '2', 'text', 'E-mail');
REPLACE INTO `question_properties` (`form_id`, `question_id`, `prop`, `value`) VALUES ('e5545c9c4f5eff2c364e910818027267', '2', 'validation', 'Email');
REPLACE INTO `question_properties` (`form_id`, `question_id`, `prop`, `value`) VALUES ('e5545c9c4f5eff2c364e910818027267', '7', 'cols', '35');
REPLACE INTO `question_properties` (`form_id`, `question_id`, `prop`, `value`) VALUES ('e5545c9c4f5eff2c364e910818027267', '7', 'desc', NULL);
REPLACE INTO `question_properties` (`form_id`, `question_id`, `prop`, `value`) VALUES ('e5545c9c4f5eff2c364e910818027267', '7', 'required', 'yes');
REPLACE INTO `question_properties` (`form_id`, `question_id`, `prop`, `value`) VALUES ('e5545c9c4f5eff2c364e910818027267', '7', 'rows', '10');
REPLACE INTO `question_properties` (`form_id`, `question_id`, `prop`, `value`) VALUES ('e5545c9c4f5eff2c364e910818027267', '7', 'text', 'Your Message');
REPLACE INTO `question_properties` (`form_id`, `question_id`, `prop`, `value`) VALUES ('e5545c9c4f5eff2c364e910818027267', '7', 'validation', 'no');
REPLACE INTO `question_properties` (`form_id`, `question_id`, `prop`, `value`) VALUES ('e5545c9c4f5eff2c364e910818027267', '8', 'clear', 'no');
REPLACE INTO `question_properties` (`form_id`, `question_id`, `prop`, `value`) VALUES ('e5545c9c4f5eff2c364e910818027267', '8', 'submittext', 'Submit');
REPLACE INTO `question_properties` (`form_id`, `question_id`, `prop`, `value`) VALUES ('e5545c9c4f5eff2c364e910818027267', '8', 'text', NULL);
REPLACE INTO `question_properties` (`form_id`, `question_id`, `prop`, `value`) VALUES ('e5545c9c4f5eff2c364e910818027267', '12', 'desc', NULL);
REPLACE INTO `question_properties` (`form_id`, `question_id`, `prop`, `value`) VALUES ('e5545c9c4f5eff2c364e910818027267', '12', 'maxsize', '100');
REPLACE INTO `question_properties` (`form_id`, `question_id`, `prop`, `value`) VALUES ('e5545c9c4f5eff2c364e910818027267', '12', 'required', 'no');
REPLACE INTO `question_properties` (`form_id`, `question_id`, `prop`, `value`) VALUES ('e5545c9c4f5eff2c364e910818027267', '12', 'size', '20');
REPLACE INTO `question_properties` (`form_id`, `question_id`, `prop`, `value`) VALUES ('e5545c9c4f5eff2c364e910818027267', '12', 'text', 'Phone');
REPLACE INTO `question_properties` (`form_id`, `question_id`, `prop`, `value`) VALUES ('e5545c9c4f5eff2c364e910818027267', '12', 'validation', 'no');
REPLACE INTO `question_properties` (`form_id`, `question_id`, `prop`, `value`) VALUES ('e5545c9c4f5eff2c364e910818027267', '999', 'alignment', 'default');
REPLACE INTO `question_properties` (`form_id`, `question_id`, `prop`, `value`) VALUES ('e5545c9c4f5eff2c364e910818027267', '999', 'background', 'white');
REPLACE INTO `question_properties` (`form_id`, `question_id`, `prop`, `value`) VALUES ('e5545c9c4f5eff2c364e910818027267', '999', 'conf_body', 'Thanks for submitting our form, we will get back to you as soon as possible.');
REPLACE INTO `question_properties` (`form_id`, `question_id`, `prop`, `value`) VALUES ('e5545c9c4f5eff2c364e910818027267', '999', 'conf_send', 'no');
REPLACE INTO `question_properties` (`form_id`, `question_id`, `prop`, `value`) VALUES ('e5545c9c4f5eff2c364e910818027267', '999', 'conf_subj', 'Submission Received');
REPLACE INTO `question_properties` (`form_id`, `question_id`, `prop`, `value`) VALUES ('e5545c9c4f5eff2c364e910818027267', '999', 'disabled', 'Enabled');
REPLACE INTO `question_properties` (`form_id`, `question_id`, `prop`, `value`) VALUES ('e5545c9c4f5eff2c364e910818027267', '999', 'email', 'yes');
REPLACE INTO `question_properties` (`form_id`, `question_id`, `prop`, `value`) VALUES ('e5545c9c4f5eff2c364e910818027267', '999', 'font', 'Verdana');
REPLACE INTO `question_properties` (`form_id`, `question_id`, `prop`, `value`) VALUES ('e5545c9c4f5eff2c364e910818027267', '999', 'fontcolor', 'black');
REPLACE INTO `question_properties` (`form_id`, `question_id`, `prop`, `value`) VALUES ('e5545c9c4f5eff2c364e910818027267', '999', 'fontsize', '12');
REPLACE INTO `question_properties` (`form_id`, `question_id`, `prop`, `value`) VALUES ('e5545c9c4f5eff2c364e910818027267', '999', 'not_subj', 'New Submission: {qForm Title}');
REPLACE INTO `question_properties` (`form_id`, `question_id`, `prop`, `value`) VALUES ('e5545c9c4f5eff2c364e910818027267', '999', 'sendpostdata', 'no');
REPLACE INTO `question_properties` (`form_id`, `question_id`, `prop`, `value`) VALUES ('e5545c9c4f5eff2c364e910818027267', '999', 'spamcheck', 'Enabled');
REPLACE INTO `question_properties` (`form_id`, `question_id`, `prop`, `value`) VALUES ('e5545c9c4f5eff2c364e910818027267', '999', 'theme', 'Default');
REPLACE INTO `question_utf8` (`form_id`, `utf8format`) VALUES ('e5545c9c4f5eff2c364e910818027267', '1');
REPLACE INTO `rvs_layout_template` (`layout_template_id`, `layout_template_name`, `layout_template_data`, `layout_template_desc`, `layout_template_preview`, `layout_template_head`, `layout_group_id`) VALUES ('5b7a994edd971a207ddb115a9855ef99', 'General style 12', '<!-- ####### LAYOUT CSS: MODIFY COLOR, FONT AND BOX SIZE HERE BUT DO NOT DELETE. ####### -->\r\n\r\n<style type=\"text/css\">\r\n\r\n.type12rightpad01{padding:10px 3px;}\r\n.type12rightpad02{padding:6px 3px;}\r\n.type12bgsilver{ background-color:#E7E7E7;}\r\n.type12bggray{ background-color:#C5C5C5;}\r\n.type12txtbold{ \r\n	font-weight:bold;\r\n}\r\n.type12txthead{ \r\n	font-weight:bold;\r\n	color:#535353;\r\n}\r\n.type12head{ font-weight:bold;}\r\n.type12linedash{border-bottom:#999999 dashed 1px;}\r\n.type12bgwhite{ \r\n	background-color:#FFFFFF;\r\n	color:#535353;\r\n}\r\n.type12txtbody{color:#535353;}\r\n</style>\r\n<!-- ########################### END CSS LAYOUT ###########################  -->\r\n<table cellpadding=\"0\" cellspacing=\"0\" id=\"rv_template_layout\">\r\n  <tr>\r\n  	<td align=\"left\" valign=\"top\">\r\n		<table cellpadding=\"5\" cellspacing=\"0\" width=\"100%\">\r\n			<tr>\r\n			  <td width=\"70%\" align=\"left\" valign=\"top\">\r\n			  	<table cellpadding=\"5\" cellspacing=\"0\" width=\"100%\" class=\"type12bgsilver\">\r\n					<tr>\r\n						<td valign=\"top\"><img src=\"images/180x60.gif\" alt=\"\" width=\"180\" height=\"60\" /></td>\r\n						<td valign=\"top\">\r\n							<div class=\"type12txthead\">Epsum factorial non deposit quid</div>\r\n							<div align=\"left\" class=\"type12txtbody\">Sic tempus fugit esperanto hiccup estrogen. Glorious baklava ex librus hup hey ad infinitum. Non sequitur condominium facile et geranium incognito. Epsum factorial non deposit quid pro quo hic escorol. </div></td>\r\n					</tr>\r\n				</table>\r\n				<br />\r\n				<table cellpadding=\"5\" cellspacing=\"0\" width=\"100%\" class=\"type12bgsilver\">\r\n					<tr>\r\n					  <td width=\"50%\" align=\"left\" valign=\"top\">\r\n					  	<table cellpadding=\"0\" cellspacing=\"0\" width=\"100%\" class=\"type12bgwhite\">\r\n							<tr class=\"type12bggray\">\r\n								<td align=\"left\" valign=\"top\"><img src=\"images/tab01.gif\" alt=\"\" width=\"34\" height=\"26\" /></td>\r\n								<td width=\"99%\" class=\"type12txtbold\">Epsum factorial non deposit quid</td>\r\n								<td align=\"right\" valign=\"top\"><img src=\"images/tab02.gif\" alt=\"\" width=\"19\" height=\"26\" /></td>\r\n							</tr>\r\n							<tr>\r\n								<td></td>\r\n								<td align=\"left\" valign=\"top\">Epsum factorial non deposit quid pro quo hic escorol. Olypian quarrels et gorilla congolium sic ad nauseum. Souvlaki ignitus carborundum e pluribus unum. Defacto lingo est igpay atinlay. Marquee selectus non provisio incongruous feline nolo contendre. Gratuitous octopus niacin, sodium glutimate. Quote meon an estimate et non interruptus stadium.</td>\r\n								<td></td>\r\n							</tr>\r\n							<tr>\r\n								<td align=\"left\" valign=\"bottom\"><img src=\"images/corner03.gif\" alt=\"\" width=\"17\" height=\"10\" /></td>\r\n								<td width=\"99%\"></td>\r\n								<td align=\"right\" valign=\"bottom\"><img src=\"images/corner04.gif\" alt=\"\" width=\"9\" height=\"10\" /></td>\r\n							</tr>\r\n						</table>\r\n					  </td>\r\n					  <td width=\"50%\" align=\"left\" valign=\"top\">\r\n					  	<table cellpadding=\"0\" cellspacing=\"0\" width=\"100%\" class=\"type12bgwhite\">\r\n							<tr class=\"type12bggray\">\r\n								<td align=\"left\" valign=\"top\"><img src=\"images/tab01.gif\" alt=\"\" width=\"34\" height=\"26\" /></td>\r\n								<td width=\"99%\" class=\"type12txtbold\">Epsum factorial non deposit quid</td>\r\n								<td align=\"right\" valign=\"top\"><img src=\"images/tab02.gif\" alt=\"\" width=\"19\" height=\"26\" /></td>\r\n							</tr>\r\n							<tr>\r\n								<td></td>\r\n								<td align=\"left\" valign=\"top\">Epsum factorial non deposit quid pro quo hic escorol. Olypian quarrels et gorilla congolium sic ad nauseum. Souvlaki ignitus carborundum e pluribus unum. Defacto lingo est igpay atinlay. Marquee selectus non provisio incongruous feline nolo contendre. Gratuitous octopus niacin, sodium glutimate. Quote meon an estimate et non interruptus stadium.</td>\r\n								<td></td>\r\n							</tr>\r\n							<tr>\r\n								<td align=\"left\" valign=\"bottom\"><img src=\"images/corner03.gif\" alt=\"\" width=\"17\" height=\"10\" /></td>\r\n								<td width=\"99%\"></td>\r\n								<td align=\"right\" valign=\"bottom\"><img src=\"images/corner04.gif\" alt=\"\" width=\"9\" height=\"10\" /></td>\r\n							</tr>\r\n						</table>\r\n					  </td>\r\n					</tr>\r\n				</table>\r\n			  </td>\r\n				<td width=\"30%\" align=\"left\" valign=\"top\">\r\n					<table cellpadding=\"0\" cellspacing=\"0\" width=\"100%\">\r\n						<tr>\r\n							<td align=\"left\" valign=\"top\">\r\n								<table cellpadding=\"3\" cellspacing=\"0\" width=\"100%\">\r\n									<tr>\r\n										<td align=\"left\" valign=\"top\" colspan=\"2\" class=\"type12txtbold\">Europan lingues</td>\r\n									</tr>\r\n									<tr>\r\n										<td class=\"type12rightpad01\" valign=\"top\"><img src=\"images/bullet02.gif\" alt=\"\" width=\"6\" height=\"6\" /></td>\r\n										<td class=\"type12rightpad02\">Pro quo hic escorol.Defacto lingo</td>\r\n									</tr>							\r\n									<tr>\r\n										<td class=\"type12rightpad01\" valign=\"top\"><img src=\"images/bullet02.gif\" alt=\"\" width=\"6\" height=\"6\" /></td>\r\n										<td class=\"type12rightpad02\">Epsum factorial non deposit quid pro quo hic escorol.</td>\r\n									</tr>\r\n									<tr>\r\n										<td class=\"type12rightpad01\" valign=\"top\"><img src=\"images/bullet02.gif\" alt=\"\" width=\"6\" height=\"6\" /></td>\r\n										<td class=\"type12rightpad02\">Olypian quarrels et gorilla congolium sic ad nauseum.</td>\r\n									</tr>\r\n									<tr><td></td><td class=\"type12linedash\"><img src=\"images/spacer.gif\" alt=\"\" width=\"1\" height=\"1\" /></td></tr>\r\n									<tr>\r\n										<td class=\"type12rightpad01\" valign=\"top\"><img src=\"images/bullet02.gif\" alt=\"\" width=\"6\" height=\"6\" /></td>\r\n										<td class=\"type12rightpad02\">Souvlaki ignitus carborundum e pluribus unum.</td>\r\n									</tr>\r\n									<tr>\r\n										<td class=\"type12rightpad01\" valign=\"top\"><img src=\"images/bullet02.gif\" alt=\"\" width=\"6\" height=\"6\" /></td>\r\n										<td class=\"type12rightpad02\">Defacto lingo est igpay atinlay. Marquee selectus non provisio incongruous feline nolo contendre.</td>\r\n									</tr>\r\n									<tr>\r\n										<td class=\"type12rightpad01\" valign=\"top\"><img src=\"images/bullet02.gif\" alt=\"\" width=\"6\" height=\"6\" /></td>\r\n										<td class=\"type12rightpad02\">Gratuitous octopus niacin, sodium glutimate.</td>\r\n									</tr>\r\n									<tr><td></td><td class=\"type12linedash\"><img src=\"images/spacer.gif\" alt=\"\" width=\"1\" height=\"1\" /></td></tr>\r\n								</table>\r\n							</td>\r\n						</tr>\r\n					</table>\r\n				</td>\r\n			</tr>\r\n		</table>  		\r\n	</td>\r\n  </tr>\r\n</table>', '', 'b_layout12.jpg', '', '3');
REPLACE INTO `rvs_layout_group` (`layout_group_id`, `layout_group_name`, `layout_category_id`) VALUES ('3', 'general style', '1');
REPLACE INTO `rvs_navigator_name` (`navigator_name_id`, `navigator_name`) VALUES ('14', 'v_blocky');
REPLACE INTO `rvs_navigator` (`navigator_id`, `menustyle_id`, `navigator_name_id`) VALUES ('36', '1', '14');
REPLACE INTO `rvs_project_page_out_seggestion` (`project_page_id`, `out_suggestion_id`) VALUES ('f01205279f9738d4b30f78689625be1d', '4');
REPLACE INTO `rvs_project_page_out_seggestion` (`project_page_id`, `out_suggestion_id`) VALUES ('4a3e7e9f5153eb904d9bdbcc280f1ae5', '5');
REPLACE INTO `rvs_project_page_out_seggestion` (`project_page_id`, `out_suggestion_id`) VALUES ('bc4eb36306ffa0d9530533eeb65eedec', '9');
REPLACE INTO `rvs_project_page_out_seggestion` (`project_page_id`, `out_suggestion_id`) VALUES ('2fff83af691d145c201aa9ec4aa54b12', '1');
REPLACE INTO `rvs_out_suggestion` (`out_suggestion_id`, `out_suggestion_name`, `description_keylang`) VALUES ('4', 'Products', 'our suggestion Products description');
REPLACE INTO `rvs_out_suggestion` (`out_suggestion_id`, `out_suggestion_name`, `description_keylang`) VALUES ('5', 'Services', 'our suggestion Services description');
REPLACE INTO `rvs_out_suggestion` (`out_suggestion_id`, `out_suggestion_name`, `description_keylang`) VALUES ('9', 'Contact Us@@Online_Form', 'our suggestion Contact Us description');
REPLACE INTO `rvs_out_suggestion` (`out_suggestion_id`, `out_suggestion_name`, `description_keylang`) VALUES ('1', 'Home', NULL);
REPLACE INTO `rvs_picture` (`picture_id`, `picture_name`) VALUES ('6545734dd3be72609b3391f66f6a8c88', 'bldg');
REPLACE INTO `rvs_head` (`project_id`, `project_page_id`, `head_tag_data`) VALUES ('7a553e1a244f137ca736778972b3c10e', '0', '<script async src=\"//pagead2.googlesyndication.com/pagead/js/adsbygoogle.js\"></script>\n<!-- myadd2jhosmir -->\n<ins class=\"adsbygoogle\"\n     style=\"display:block\"\n     data-ad-client=\"ca-pub-4814484586458537\"\n     data-ad-slot=\"8516102046\"\n     data-ad-format=\"auto\"></ins>\n<script>\n(adsbygoogle = window.adsbygoogle || []).push({});\n</script>');
REPLACE INTO `rvs_head` (`project_id`, `project_page_id`, `head_tag_data`) VALUES ('7a553e1a244f137ca736778972b3c10e', '2fff83af691d145c201aa9ec4aa54b12', '<script async src=\"//pagead2.googlesyndication.com/pagead/js/adsbygoogle.js\"></script>\n<!-- myadd2jhosmir -->\n<ins class=\"adsbygoogle\"\n     style=\"display:block\"\n     data-ad-client=\"ca-pub-4814484586458537\"\n     data-ad-slot=\"8516102046\"\n     data-ad-format=\"auto\"></ins>\n<script>\n(adsbygoogle = window.adsbygoogle || []).push({});\n</script>');
REPLACE INTO `rvs_head` (`project_id`, `project_page_id`, `head_tag_data`) VALUES ('7a553e1a244f137ca736778972b3c10e', '4a3e7e9f5153eb904d9bdbcc280f1ae5', '');
REPLACE INTO `rvs_project` (`project_id`, `project_info_id`, `rvs_usr_id`, `project_name`, `project_directory`, `utf8format`, `project_footer`) VALUES ('7a553e1a244f137ca736778972b3c10e', '5b255d157bea6b959244789bed25a3f4', '0c24eb591d61cbead8f94d167ad55751', 'Jhosmir Enterprises', '', '1', NULL);
REPLACE INTO `rvs_project_info` (`project_info_id`, `template_item_id`, `font_id`, `navigator_id`, `rvs_category_id`, `charset_id`, `project_company`, `project_slogan`, `project_logo`, `project_title`, `project_keyword`, `project_description`, `project_domain`, `check_step`, `effect_site_enter`, `duration_site_enter`, `last_update`, `layout_template_id`, `i_pathway`, `i_mail`, `i_print`, `i_favorite`, `no_slogan`, `no_company_name`, `navigator_name_id`, `is_member_page`) VALUES ('5b255d157bea6b959244789bed25a3f4', 'c5ff5133f7afcd719965c7f89eee9aa6', '12', '1b71b0724f1139cb741c3e1837023b3d', '13', '17', 'Jhosmir Enterprises', '', 'LOGO.PNG', 'Jhosmir', '', '', 'semilinktech.com', '4', NULL, NULL, '1524092349', '5b7a994edd971a207ddb115a9855ef99', '0', '0', '0', '0', '1', '0', '14', '0');
REPLACE INTO `rvs_project_layout_page` (`project_id`, `project_page_id`, `parent_project_page_id`, `priority`, `is_home`) VALUES ('7a553e1a244f137ca736778972b3c10e', 'f01205279f9738d4b30f78689625be1d', '0', '2', '0');
REPLACE INTO `rvs_project_layout_page` (`project_id`, `project_page_id`, `parent_project_page_id`, `priority`, `is_home`) VALUES ('7a553e1a244f137ca736778972b3c10e', '4a3e7e9f5153eb904d9bdbcc280f1ae5', '0', '3', '0');
REPLACE INTO `rvs_project_layout_page` (`project_id`, `project_page_id`, `parent_project_page_id`, `priority`, `is_home`) VALUES ('7a553e1a244f137ca736778972b3c10e', 'bc4eb36306ffa0d9530533eeb65eedec', '0', '4', '0');
REPLACE INTO `rvs_project_layout_page` (`project_id`, `project_page_id`, `parent_project_page_id`, `priority`, `is_home`) VALUES ('7a553e1a244f137ca736778972b3c10e', '2fff83af691d145c201aa9ec4aa54b12', '0', '1', '1');
REPLACE INTO `rvs_project_page` (`project_page_id`, `rvs_usr_id`, `page_name`, `custom_page_name`, `rvs_component_id`, `page_data`, `page_data_zone_2`, `page_data_zone_3`, `page_data_zone_4`, `colume_width_1`, `colume_width_2`, `colume_width_3`, `rvs_layout_id`, `head`, `page_title`, `meta_keyword`, `meta_description`, `effect_page_enter`, `duration_page_enter`, `meta_page_effect`, `rvs_link_id`, `target`, `form_template_id`, `i_pathway`, `i_mail`, `i_print`, `i_favorite`, `last_modifier`, `link_active`, `page_type`, `blank_page`, `set_draft`, `is_member_page`) VALUES ('f01205279f9738d4b30f78689625be1d', '0c24eb591d61cbead8f94d167ad55751', 'Products', '', '0', '<div>&nbsp;</div>\r\n<div align=\"center\"><a title=\"\" href=\"{DOCUMENT_URL}/SPAREPARTSMACHINEFORSALE.pdf\">PARTS ON HAND<span style=\"text-align: left\">&nbsp;</span></a></div>\r\n<div align=\"center\">&nbsp;&nbsp;&nbsp;&nbsp;&nbsp; <a title=\"\" href=\"6e847b846fe716af5f9f770165f537e5.php\">POLARIS Electronics Products</a></div>\r\n<div align=\"center\">&nbsp;&nbsp;&nbsp;&nbsp;&nbsp;<a title=\"\" href=\"1c4babe5a042cac0c8a66b9c19f156ad.php\"> Semicorp Products</a></div>\r\n<div align=\"center\">&nbsp;&nbsp;&nbsp;&nbsp;&nbsp;&nbsp;<a title=\"\" href=\"5ec5d2825f906e0773594a87c7a83d5e.php\">CEI Products</a></div>\r\n<div align=\"center\">&nbsp;&nbsp;&nbsp;&nbsp;&nbsp;&nbsp;<a title=\"\" target=\"_blank\" href=\"http://www.opencart.semilinktech.com\"> Other Products</a></div>\r\n<div>&nbsp;</div>\r\n<div align=\"center\">&nbsp;--------------------------------------------------------------------------------------------------</div>\r\n<div align=\"center\"><strong>&nbsp;&nbsp;&nbsp;&nbsp;&nbsp;&nbsp;&nbsp;&nbsp;&nbsp;&nbsp;&nbsp;&nbsp;&gt;&gt; Machine and Parts</strong>&nbsp;<strong>on Stock &lt;&lt;</strong></div>\r\n<div align=\"center\">&nbsp;--------------------------------------------------------------------------------------------------&nbsp;</div>\r\n<div>&nbsp;</div>\r\n<div align=\"center\">&nbsp;&nbsp;&nbsp;&nbsp; <img title=\"\" border=\"5\" alt=\"\" width=\"150\" height=\"100\" src=\"{IMAGE_URL}/parts2.png\" />&nbsp; <img title=\"\" border=\"5\" alt=\"\" width=\"150\" height=\"100\" src=\"{IMAGE_URL}/parts3.png\" />&nbsp; <img title=\"\" border=\"5\" alt=\"\" width=\"150\" height=\"100\" src=\"{IMAGE_URL}/parts1.png\" /></div>\r\n<div>&nbsp;</div>\r\n<div align=\"center\">&nbsp;&nbsp; &nbsp; <img title=\"\" border=\"5\" alt=\"\" width=\"150\" height=\"100\" src=\"{IMAGE_URL}/parts6.png\" />&nbsp; <img title=\"\" border=\"5\" alt=\"\" width=\"150\" height=\"100\" src=\"{IMAGE_URL}/parts5.png\" />&nbsp; <img title=\"\" border=\"5\" alt=\"\" width=\"150\" height=\"100\" src=\"{IMAGE_URL}/parts4.png\" /></div>\r\n<div>&nbsp;</div>\r\n<div align=\"center\">&nbsp;&nbsp;&nbsp;&nbsp;&nbsp;<img title=\"\" border=\"5\" alt=\"\" width=\"150\" height=\"100\" src=\"{IMAGE_URL}/parts9.jpg\" />&nbsp; <img title=\"\" border=\"5\" alt=\"\" width=\"150\" height=\"100\" src=\"{IMAGE_URL}/parts8.jpg\" />&nbsp; <img title=\"\" border=\"5\" alt=\"\" width=\"150\" height=\"100\" src=\"{IMAGE_URL}/parts7.jpg\" />&nbsp;</div>\r\n<div>&nbsp;</div>\r\n<div align=\"center\">&nbsp;&nbsp;&nbsp;&nbsp;&nbsp;<img title=\"\" border=\"5\" alt=\"\" width=\"150\" height=\"100\" src=\"{IMAGE_URL}/parts92.jpg\" />&nbsp;&nbsp;<img title=\"\" border=\"5\" alt=\"\" width=\"150\" height=\"100\" src=\"{IMAGE_URL}/parts93.jpg\" />&nbsp; <img title=\"\" border=\"5\" alt=\"\" width=\"150\" height=\"100\" src=\"{IMAGE_URL}/parts91.jpg\" /></div>', '<table class=\"rvFrame\" cellspacing=\"1\" cellpadding=\"1\" width=\"780\">\n<tbody>\n<tr>\n<td class=\"tdSolid\" valign=\"top\" width=\"100%\" align=\"left\">\n<div class=\"dashView\">\n<table cellspacing=\"0\" cellpadding=\"3\" width=\"100%\">\n<tbody>\n<tr>\n<td style=\"padding: 5px 0px\" valign=\"top\" colspan=\"2\">\n<h2 style=\"margin: 2px; font-size: 1.2em\">&nbsp;</h2></td></tr>\n<tr>\n<td style=\"padding: 0px 10px 0px 0px\" valign=\"top\"></td>\n<td valign=\"top\" width=\"99%\">\n<h2 style=\"margin: 0px 1px 10px; font-size: 1em\">&nbsp;</h2></td></tr></tbody></table></div></td></tr>\n<tr>\n<td class=\"tdSolid\" valign=\"top\" width=\"100%\" align=\"left\">\n<div class=\"dashView\">\n<table cellspacing=\"0\" cellpadding=\"3\" width=\"100%\">\n<tbody>\n<tr>\n<td style=\"padding: 5px 0px\" valign=\"top\" colspan=\"2\">\n<h2 style=\"margin: 2px; font-size: 1.2em\">&nbsp;</h2></td></tr>\n<tr>\n<td style=\"padding: 0px 10px 0px 0px\" valign=\"top\"></td>\n<td valign=\"top\" width=\"99%\">\n<h2 style=\"margin: 0px 1px 10px; font-size: 1em\">&nbsp;</h2></td></tr></tbody></table></div></td></tr>\n<tr>\n<td class=\"tdSolid\" valign=\"top\" width=\"100%\" align=\"left\">\n<div class=\"dashView\">\n<table cellspacing=\"0\" cellpadding=\"3\" width=\"100%\">\n<tbody>\n<tr>\n<td style=\"padding: 5px 0px\" valign=\"top\" colspan=\"2\">\n<h2 style=\"margin: 2px; font-size: 1.2em\">&nbsp;</h2></td></tr>\n<tr>\n<td style=\"padding: 0px 10px 0px 0px\" valign=\"top\"></td>\n<td valign=\"top\" width=\"99%\">\n<h2 style=\"margin: 0px 1px 10px; font-size: 1em\">&nbsp;</h2></td></tr></tbody></table></div></td></tr></tbody></table>', '<div>\n<table cellspacing=\"0\" cellpadding=\"0\" width=\"100%\">\n<tbody>\n<tr>\n<td valign=\"top\" colspan=\"4\" align=\"left\">&nbsp;&nbsp;&nbsp;&nbsp;&nbsp;&nbsp;&nbsp;&nbsp;&nbsp;&nbsp;&nbsp; </td></tr>\n<tr>\n<td valign=\"top\" align=\"center\"></td>\n<p align=\"center\"><strong><font style=\"font-size: large\"></font></strong></p><strong><font style=\"font-size: large\">\n<p align=\"left\"></p>\n<p>&nbsp;</p>\n<div>&gt;&gt; POLARIS ELECTRONICS CORPORATION</div>\n<p>&nbsp;</p></font>\n<p align=\"left\"></p>\n<p align=\"left\">&nbsp;</p></strong>\n<p align=\"left\"></p>\n<p align=\"left\">&nbsp;</p>\n<td valign=\"top\" align=\"center\"></td>\n<td valign=\"top\" align=\"center\"></td>\n<td valign=\"top\" align=\"center\"></td></tr></tbody></table></div>\n<table class=\"rvFrame\" cellspacing=\"1\" cellpadding=\"1\" width=\"780\">\n<tbody>\n<tr>\n<td class=\"tdSolid\" valign=\"top\" width=\"100%\" align=\"left\">\n<div class=\"dashView\">\n<table cellspacing=\"0\" cellpadding=\"3\" width=\"100%\">\n<tbody>\n<tr>\n<td style=\"padding: 5px 0px\" valign=\"top\" colspan=\"2\">\n<h2 style=\"margin: 2px; font-size: 1.2em\">&nbsp;&nbsp;&nbsp;&nbsp;&nbsp;&nbsp;&nbsp;&nbsp;&nbsp;&nbsp;&nbsp;&nbsp;&nbsp;&nbsp;&nbsp;&nbsp;&nbsp;&nbsp;&nbsp;&nbsp;&nbsp;&nbsp;&nbsp;&nbsp;&nbsp;&nbsp;&nbsp;&nbsp;&nbsp;&nbsp; <img title=\"\" border=\"15\" alt=\"\" width=\"211\" height=\"146\" src=\"{IMAGE_URL}/polaris2.png\" />&nbsp;&nbsp;&nbsp;&nbsp;&nbsp;&nbsp;&nbsp;&nbsp;&nbsp;&nbsp;&nbsp;&nbsp;&nbsp;&nbsp;&nbsp;&nbsp;&nbsp;&nbsp;&nbsp;&nbsp;&nbsp;&nbsp; <img title=\"\" border=\"15\" alt=\"\" width=\"211\" height=\"146\" src=\"{IMAGE_URL}/polaris5.png\" /></h2>\n<div style=\"margin: 2px; font-size: 1.2em\">&nbsp;&nbsp;&nbsp;&nbsp;&nbsp;&nbsp;&nbsp;&nbsp;&nbsp;&nbsp;&nbsp;&nbsp;&nbsp;&nbsp;&nbsp;&nbsp;&nbsp;&nbsp;&nbsp;&nbsp;&nbsp;&nbsp;&nbsp;&nbsp;&nbsp;&nbsp;&nbsp;&nbsp;&nbsp;&nbsp;&nbsp;&nbsp;&nbsp;&nbsp;&nbsp;&nbsp;&nbsp;&nbsp;&nbsp;&nbsp;&nbsp;&nbsp; Spot Welders&nbsp;&nbsp;&nbsp;&nbsp;&nbsp;&nbsp;&nbsp;&nbsp;&nbsp;&nbsp;&nbsp;&nbsp;&nbsp;&nbsp;&nbsp;&nbsp;&nbsp;&nbsp;&nbsp;&nbsp;&nbsp;&nbsp;&nbsp;&nbsp;&nbsp;&nbsp;&nbsp;&nbsp;&nbsp;&nbsp;&nbsp;&nbsp;&nbsp;&nbsp;&nbsp;&nbsp;&nbsp;&nbsp;&nbsp;&nbsp;&nbsp;&nbsp; Snap-Tite Component </div>\n<div style=\"margin: 2px; font-size: 1.2em\">&nbsp;&nbsp;&nbsp;&nbsp;&nbsp;&nbsp;&nbsp;&nbsp;&nbsp;&nbsp;&nbsp;&nbsp;&nbsp;&nbsp;&nbsp;&nbsp;&nbsp;&nbsp;&nbsp;&nbsp;&nbsp;&nbsp;&nbsp;&nbsp;&nbsp;&nbsp;&nbsp;&nbsp;&nbsp;&nbsp;&nbsp;&nbsp;&nbsp;&nbsp;&nbsp;&nbsp;&nbsp;&nbsp;&nbsp;&nbsp;&nbsp;&nbsp;&nbsp;&nbsp;&nbsp;&nbsp;&nbsp;&nbsp;&nbsp;&nbsp;&nbsp;&nbsp;&nbsp;&nbsp;&nbsp;&nbsp;&nbsp;&nbsp;&nbsp;&nbsp;&nbsp;&nbsp;&nbsp;&nbsp;&nbsp;&nbsp;&nbsp;&nbsp;&nbsp;&nbsp;&nbsp;&nbsp;&nbsp;&nbsp;&nbsp;&nbsp;&nbsp;&nbsp;&nbsp;&nbsp;&nbsp;&nbsp;&nbsp;&nbsp;&nbsp;&nbsp;&nbsp;&nbsp;&nbsp;&nbsp;&nbsp;&nbsp;&nbsp;&nbsp;&nbsp;&nbsp;&nbsp;&nbsp;&nbsp;&nbsp;&nbsp;&nbsp;&nbsp;&nbsp;&nbsp;&nbsp;&nbsp;&nbsp;&nbsp;&nbsp;&nbsp;&nbsp; Insulator</div>\n<div style=\"margin: 2px; font-size: 1.2em\">&nbsp;&nbsp;&nbsp;&nbsp;&nbsp;&nbsp;&nbsp;&nbsp;&nbsp;&nbsp;&nbsp;&nbsp;&nbsp;&nbsp;&nbsp;&nbsp;&nbsp;&nbsp;&nbsp;&nbsp;&nbsp;&nbsp;&nbsp;&nbsp;&nbsp;&nbsp;&nbsp;&nbsp;&nbsp;&nbsp; </div>\n<div style=\"margin: 2px; font-size: 1.2em\">&nbsp;</div>\n<div style=\"margin: 2px; font-size: 1.2em\">&nbsp;&nbsp;&nbsp;&nbsp;&nbsp;&nbsp;&nbsp;&nbsp;&nbsp;&nbsp;&nbsp;&nbsp;&nbsp;&nbsp;&nbsp;&nbsp;&nbsp;&nbsp;&nbsp;&nbsp;&nbsp;&nbsp;&nbsp;&nbsp;&nbsp;&nbsp;&nbsp;&nbsp;&nbsp; <img title=\"\" border=\"15\" alt=\"\" width=\"211\" height=\"146\" src=\"{IMAGE_URL}/polaris3.png\" />&nbsp;&nbsp;&nbsp;&nbsp;&nbsp;&nbsp;&nbsp;&nbsp;&nbsp;&nbsp;&nbsp;&nbsp;&nbsp;&nbsp;&nbsp;&nbsp;&nbsp;&nbsp;&nbsp;&nbsp;&nbsp; <img title=\"\" border=\"15\" alt=\"\" width=\"211\" height=\"146\" src=\"{IMAGE_URL}/polaris4.png\" /></div>\n<div style=\"margin: 2px; font-size: 1.2em\">&nbsp;&nbsp;&nbsp;&nbsp;&nbsp;&nbsp;&nbsp;&nbsp;&nbsp;&nbsp;&nbsp;&nbsp;&nbsp;&nbsp;&nbsp;&nbsp;&nbsp;&nbsp;&nbsp;&nbsp;&nbsp;&nbsp;&nbsp;&nbsp;&nbsp;&nbsp;&nbsp;&nbsp;&nbsp;&nbsp;&nbsp;&nbsp;&nbsp;&nbsp;&nbsp;&nbsp;&nbsp;&nbsp;&nbsp;&nbsp;&nbsp;&nbsp;&nbsp;&nbsp; Lid Tacker&nbsp;&nbsp;&nbsp;&nbsp;&nbsp;&nbsp;&nbsp;&nbsp;&nbsp;&nbsp;&nbsp;&nbsp;&nbsp;&nbsp;&nbsp;&nbsp;&nbsp;&nbsp;&nbsp;&nbsp;&nbsp;&nbsp;&nbsp;&nbsp;&nbsp;&nbsp;&nbsp;&nbsp;&nbsp;&nbsp;&nbsp;&nbsp;&nbsp;&nbsp;&nbsp;&nbsp;&nbsp;&nbsp;&nbsp;&nbsp;&nbsp;&nbsp;&nbsp;&nbsp;&nbsp;&nbsp;&nbsp;&nbsp;&nbsp;&nbsp;&nbsp;&nbsp;&nbsp; Option</div>\n<div style=\"margin: 2px; font-size: 1.2em\">&nbsp;</div>\n<div style=\"margin: 2px; font-size: 1.2em\">&nbsp;&nbsp;&nbsp;&nbsp;&nbsp;&nbsp;&nbsp;&nbsp;&nbsp;&nbsp;&nbsp;&nbsp;&nbsp;&nbsp;&nbsp;&nbsp;&nbsp;&nbsp;&nbsp;&nbsp;&nbsp;&nbsp;&nbsp;&nbsp;&nbsp;&nbsp;&nbsp;&nbsp;&nbsp; <img title=\"\" border=\"15\" alt=\"\" width=\"211\" height=\"146\" src=\"{IMAGE_URL}/polaris1.png\" /></div>\n<h2 style=\"margin: 2px; font-size: 1.2em\">&nbsp;&nbsp;&nbsp;&nbsp;&nbsp;&nbsp;&nbsp;&nbsp;&nbsp;&nbsp;&nbsp;&nbsp;&nbsp;&nbsp;&nbsp;&nbsp;&nbsp;&nbsp;&nbsp;&nbsp;&nbsp;&nbsp;&nbsp;&nbsp;&nbsp;&nbsp;&nbsp;</h2>\n<p style=\"margin: 2px; font-size: 1.2em\">&nbsp;&nbsp;&nbsp;&nbsp;&nbsp;&nbsp;&nbsp;&nbsp;&nbsp;&nbsp;&nbsp;&nbsp;&nbsp;&nbsp;&nbsp;&nbsp;&nbsp;&nbsp;&nbsp;&nbsp;&nbsp;&nbsp;&nbsp;&nbsp;&nbsp;&nbsp;&nbsp;&nbsp;&nbsp;&nbsp;&nbsp;&nbsp;&nbsp;&nbsp; Parallel Seam Sealers&nbsp;&nbsp;&nbsp;&nbsp;&nbsp;&nbsp;&nbsp;&nbsp;&nbsp;&nbsp;&nbsp;&nbsp;&nbsp;&nbsp;&nbsp;&nbsp;&nbsp;&nbsp;&nbsp;&nbsp;&nbsp;&nbsp;&nbsp;&nbsp;&nbsp;&nbsp;</p>\n<h2 style=\"margin: 2px; font-size: 1.2em\">&nbsp;</h2>\n<h2 style=\"margin: 2px; font-size: 1.2em\">&nbsp;</h2>\n<h2 style=\"margin: 2px; font-size: 1.2em\">&nbsp;</h2></td></tr>\n<tr>\n<td style=\"padding: 0px 10px 0px 0px\" valign=\"top\"></td>\n<td valign=\"top\" width=\"99%\">\n<h2 style=\"margin: 0px 1px 10px; font-size: 1em\">\n\n&nbsp;&nbsp;&nbsp;&nbsp;&nbsp;&nbsp;&nbsp;&nbsp;&nbsp;&nbsp;&nbsp;</h2></td></tr></tbody></table></div></td></tr>\n<tr>\n<td class=\"tdSolid\" valign=\"top\" width=\"100%\" align=\"left\">\n<div class=\"dashView\">\n<table cellspacing=\"0\" cellpadding=\"3\" width=\"100%\">\n<tbody>\n<tr>\n<td style=\"padding: 5px 0px\" valign=\"top\" colspan=\"2\">\n<h2 style=\"margin: 2px; font-size: 1.2em\">&nbsp;</h2></td></tr>\n<tr>\n<td style=\"padding: 0px 10px 0px 0px\" valign=\"top\"></td>\n<td valign=\"top\" width=\"99%\">\n<h2 style=\"margin: 0px 1px 10px; font-size: 1em\">\n\n&nbsp;&nbsp;&nbsp;&nbsp;&nbsp;&nbsp;&nbsp;&nbsp;&nbsp;&nbsp;&nbsp;</h2></td></tr></tbody></table></div></td></tr>\n<tr>\n<td class=\"tdSolid\" valign=\"top\" width=\"100%\" align=\"left\">\n<div class=\"dashView\">\n<table cellspacing=\"0\" cellpadding=\"3\" width=\"100%\">\n<tbody>\n<tr>\n<td style=\"padding: 5px 0px\" valign=\"top\" colspan=\"2\">\n<h2 style=\"margin: 2px; font-size: 1.2em\">&nbsp;</h2></td></tr>\n<tr>\n<td style=\"padding: 0px 10px 0px 0px\" valign=\"top\"></td>\n<td valign=\"top\" width=\"99%\">\n<h2 style=\"margin: 0px 1px 10px; font-size: 1em\">\n\n&nbsp;&nbsp;&nbsp;&nbsp;&nbsp;&nbsp;&nbsp;&nbsp;&nbsp;&nbsp;&nbsp;</h2></td></tr></tbody></table></div></td></tr></tbody></table>', NULL, '50', '50', NULL, '1', NULL, NULL, NULL, NULL, NULL, NULL, NULL, '', '', '', NULL, NULL, NULL, NULL, '1421645246', NULL, NULL, '0', '0', '0');
REPLACE INTO `rvs_project_page` (`project_page_id`, `rvs_usr_id`, `page_name`, `custom_page_name`, `rvs_component_id`, `page_data`, `page_data_zone_2`, `page_data_zone_3`, `page_data_zone_4`, `colume_width_1`, `colume_width_2`, `colume_width_3`, `rvs_layout_id`, `head`, `page_title`, `meta_keyword`, `meta_description`, `effect_page_enter`, `duration_page_enter`, `meta_page_effect`, `rvs_link_id`, `target`, `form_template_id`, `i_pathway`, `i_mail`, `i_print`, `i_favorite`, `last_modifier`, `link_active`, `page_type`, `blank_page`, `set_draft`, `is_member_page`) VALUES ('4a3e7e9f5153eb904d9bdbcc280f1ae5', '0c24eb591d61cbead8f94d167ad55751', 'Services', '', '0', '<table class=\"rvFrame\" cellspacing=\"1\" cellpadding=\"1\" width=\"780\">\r\n<tbody>\r\n<tr>\r\n<td class=\"tdSolid\" valign=\"top\" width=\"100%\" align=\"left\">\r\n<div class=\"dashView\">\r\n<table cellspacing=\"0\" cellpadding=\"3\" width=\"100%\">\r\n<tbody>\r\n<tr>\r\n<td valign=\"top\" width=\"99%\" align=\"left\">\r\n<h2 style=\"margin: 2px; font-size: 1.2em\">\r\n<p style=\"text-align: left; margin-top: 0pt; margin-bottom: 0pt; margin-left: 0in; unicode-bidi: embed; direction: ltr; word-break: normal; language: en-US; punctuation-wrap: hanging\"><span style=\"color: black; font-family: Calibri; font-size: 28pt; language: en-US\">Board Repair Services</span><span style=\"color: black; font-family: Calibri; font-size: 28pt; language: en-US\"></span></p></h2></td></tr>\r\n<tr>\r\n<td valign=\"top\" width=\"99%\" align=\"left\">\r\n<div style=\"padding-bottom: 15px\">\r\n&nbsp;&nbsp;&nbsp;&nbsp;&nbsp;&nbsp;&nbsp;&nbsp;\r\n<p style=\"text-align: left; margin-top: 0pt; margin-bottom: 0pt; margin-left: 0in; unicode-bidi: embed; direction: ltr; word-break: normal; language: en-US; punctuation-wrap: hanging\"><span style=\"color: black; font-family: Calibri; font-size: 16pt; language: en-US\">Step 1</span><span style=\"color: black; font-family: Calibri; font-size: 16pt; language: en-US\">&nbsp;&nbsp; Customer’s </span><span style=\"color: black; font-family: Calibri; font-size: 16pt; language: en-US\">Defective board</span></p>\r\n<p style=\"text-align: left; margin-top: 0pt; margin-bottom: 0pt; margin-left: 0in; unicode-bidi: embed; direction: ltr; word-break: normal; language: en-US; punctuation-wrap: hanging\"><span style=\"color: black; font-family: Calibri; font-size: 16pt; language: en-US\"></span><span style=\"color: black; font-family: Calibri; font-size: 16pt; language: en-US\">Step 2&nbsp;&nbsp; Appraisal, evaluation and acceptance</span></p>\r\n<p style=\"text-align: left; margin-top: 0pt; margin-bottom: 0pt; margin-left: 0in; unicode-bidi: embed; direction: ltr; word-break: normal; language: en-US; punctuation-wrap: hanging\"><span style=\"color: black; font-family: Calibri; font-size: 16pt; language: en-US\"></span><span style=\"color: black; font-family: Calibri; font-size: 16pt; language: en-US\">Step 3 </span><span style=\"color: black; font-family: Calibri; font-size: 16pt; language: en-US\"><span>&nbsp; </span>Repair\r\nSpecialists</span></p>\r\n<p style=\"text-align: left; margin-top: 0pt; margin-bottom: 0pt; margin-left: 0in; unicode-bidi: embed; direction: ltr; word-break: normal; language: en-US; punctuation-wrap: hanging\"><span style=\"color: black; font-family: Calibri; font-size: 16pt; language: en-US\"></span><span style=\"color: black; font-family: Calibri; font-size: 16pt; language: en-US\">Step 4&nbsp;&nbsp; </span><span style=\"color: black; font-family: Calibri; font-size: 16pt; language: en-US\">Repair board</span></p>\r\n<p style=\"text-align: left; margin-top: 0pt; margin-bottom: 0pt; margin-left: 0in; unicode-bidi: embed; direction: ltr; word-break: normal; language: en-US; punctuation-wrap: hanging\"><span style=\"color: black; font-family: Calibri; font-size: 16pt; language: en-US\"></span><span style=\"color: black; font-family: Calibri; font-size: 16pt; language: en-US\">Step 5&nbsp;&nbsp;&nbsp; </span><span style=\"color: black; font-family: Calibri; font-size: 16pt; language: en-US\">Actual Machine test</span></p></div></td></tr></tbody></table></div></td></tr>\r\n<tr>\r\n<td class=\"tdSolid\" valign=\"top\" width=\"100%\" align=\"left\">\r\n<div class=\"dashView\">\r\n<table cellspacing=\"0\" cellpadding=\"3\" width=\"100%\">\r\n<tbody>\r\n<tr>\r\n<td style=\"padding: 5px 0px\" valign=\"top\" colspan=\"2\" align=\"left\">\r\n<h2 style=\"margin: 2px; font-size: 1.2em\">&nbsp;&nbsp;&nbsp;&nbsp;&nbsp;&nbsp;&nbsp;&nbsp;&nbsp;&nbsp;&nbsp;&nbsp;&nbsp;&nbsp; &nbsp;&nbsp;&nbsp;&nbsp;&nbsp;&nbsp; <img style=\"width: 128px; height: 128px\" title=\"\" alt=\"\" width=\"128\" height=\"128\" src=\"{IMAGE_URL}/boardrepair.jpg\" />&nbsp;&nbsp;&nbsp;&nbsp;&nbsp;&nbsp; &nbsp;&nbsp; <img title=\"\" alt=\"\" width=\"128\" height=\"128\" src=\"{IMAGE_URL}/boardrepair2.jpg\" />&nbsp;&nbsp;&nbsp;&nbsp;&nbsp;&nbsp;&nbsp;&nbsp;&nbsp;&nbsp; <img style=\"width: 128px; height: 129px\" title=\"\" alt=\"\" width=\"128\" height=\"129\" src=\"{IMAGE_URL}/boardrepair3.jpg\" /></h2></td></tr>\r\n<tr>\r\n<td style=\"padding: 0px 10px 0px 0px\" valign=\"top\"></td>\r\n<td valign=\"top\" width=\"99%\" align=\"left\">\r\n<h2 style=\"margin: 0px 1px 10px; font-size: 1.1em\">\r\n\r\n&nbsp;&nbsp;&nbsp;&nbsp;&nbsp;&nbsp;	\r\n<p style=\"text-align: left; margin-top: 0pt; margin-bottom: 0pt; margin-left: 0in; unicode-bidi: embed; direction: ltr; word-break: normal; language: en-US; punctuation-wrap: hanging\"><span style=\"color: black; font-family: Calibri; font-size: 16pt; language: en-US\">Repair Conditions:</span></p>\r\n<p style=\"text-align: left; margin-top: 0pt; margin-bottom: 0pt; margin-left: 0in; unicode-bidi: embed; direction: ltr; word-break: normal; language: en-US; punctuation-wrap: hanging\"><span style=\"color: black; font-family: Calibri; font-size: 12pt; language: en-US\"></span></p>\r\n<div style=\"text-align: left; text-indent: -0.38in; margin-top: 0pt; margin-bottom: 0pt; margin-left: 0.38in; unicode-bidi: embed; direction: ltr; word-break: normal; language: en-US; punctuation-wrap: hanging\"><span style=\"font-size: 12pt\"><span>1. </span></span><span style=\"color: black; font-family: Calibri; font-size: 12pt; language: en-US\">Minimum board repair\r\ncharge is $100</span></div>\r\n<div style=\"text-align: left; text-indent: -0.38in; margin-top: 0pt; margin-bottom: 0pt; margin-left: 0.38in; unicode-bidi: embed; direction: ltr; word-break: normal; language: en-US; punctuation-wrap: hanging\"><span style=\"font-size: 12pt\"><span>2. </span></span><span style=\"color: black; font-family: Calibri; font-size: 12pt; language: en-US\">The charge varies\r\nupon the evaluation of the particular boards</span></div>\r\n<div style=\"text-align: left; text-indent: -0.38in; margin-top: 0pt; margin-bottom: 0pt; margin-left: 0.38in; unicode-bidi: embed; direction: ltr; word-break: normal; language: en-US; punctuation-wrap: hanging\"><span style=\"font-size: 12pt\"><span>3. </span></span><span style=\"color: black; font-family: Calibri; font-size: 12pt; language: en-US\">The customer’s\r\npayment will only be accepted prior to the “evaluation and acceptance” of\r\nboards repaired</span></div>\r\n<div style=\"text-align: left; text-indent: -0.38in; margin-top: 0pt; margin-bottom: 0pt; margin-left: 0.38in; unicode-bidi: embed; direction: ltr; word-break: normal; language: en-US; punctuation-wrap: hanging\"><span style=\"font-size: 12pt\"><span>4. </span></span><span style=\"color: black; font-family: Calibri; font-size: 12pt; language: en-US\">The customer should\r\ncite the history of damage prior to the board(s) to be repaired</span></div>\r\n<div style=\"text-align: left; text-indent: -0.38in; margin-top: 0pt; margin-bottom: 0pt; margin-left: 0.38in; unicode-bidi: embed; direction: ltr; word-break: normal; language: en-US; punctuation-wrap: hanging\"><span style=\"font-size: 12pt\"><span>5. </span></span><span style=\"color: black; font-family: Calibri; font-size: 12pt; language: en-US\">After the proper\r\nevaluation and assessment of the defective board , quotation shall be rendered\r\nto the customer for affirmation. The parts availability and possible repair\r\ntime should be included. For mutual adjustments that includes “parts\r\navailability” and “increase repair time”, the customer should be informed\r\nregarding to some change of conditions.</span></div>\r\n<div style=\"text-align: left; text-indent: -0.38in; margin-top: 0pt; margin-bottom: 0pt; margin-left: 0.38in; unicode-bidi: embed; direction: ltr; word-break: normal; language: en-US; punctuation-wrap: hanging\"><span style=\"font-size: 12pt\"><span>6. </span></span><span style=\"color: black; font-family: Calibri; font-size: 12pt; language: en-US\">The customer are\r\nrequired to submit formal orders before we apply necessary repairs to the\r\ndefective boards.</span></div>\r\n<div style=\"text-align: left; text-indent: -0.38in; margin-top: 0pt; margin-bottom: 0pt; margin-left: 0.38in; unicode-bidi: embed; direction: ltr; word-break: normal; language: en-US; punctuation-wrap: hanging\"><span style=\"font-size: 12pt\"><span>7. </span></span><span style=\"color: black; font-family: Calibri; font-size: 12pt; language: en-US\">Repair and\r\nreplacement of defective parts are made upon Purchase Orders P.O’s</span></div>\r\n<div style=\"text-align: left; text-indent: -0.38in; margin-top: 0pt; margin-bottom: 0pt; margin-left: 0.38in; unicode-bidi: embed; direction: ltr; word-break: normal; language: en-US; punctuation-wrap: hanging\"><span style=\"font-size: 12pt\"><span>8. </span></span><span style=\"color: black; font-family: Calibri; font-size: 12pt; language: en-US\">Actual evaluation of\r\nparts are applied if necessary</span></div><span style=\"color: black; font-family: Calibri; font-size: 12pt; language: en-US\">&nbsp;&nbsp;&nbsp;&nbsp;&nbsp; Payment transactions\r\nare to be made in accordance of proper evaluation and&nbsp; customer’s acceptance.</span></h2></td></tr></tbody></table></div></td></tr>	</tbody></table>', '<table class=\"rvFrame\" cellspacing=\"1\" cellpadding=\"1\" width=\"780\">\r\n<tbody>\r\n<tr>\r\n<td class=\"tdSolid\" valign=\"top\" width=\"100%\" align=\"left\">\r\n<div class=\"dashView\">\r\n<table cellspacing=\"0\" cellpadding=\"3\" width=\"100%\">\r\n<tbody>\r\n<tr>\r\n<td valign=\"top\" width=\"99%\" align=\"left\">\r\n<h2 style=\"margin: 2px; font-size: 1.2em\">&nbsp;</h2></td></tr>\r\n<tr>\r\n<td valign=\"top\" width=\"99%\" align=\"left\">\r\n<div style=\"padding-bottom: 15px\">\r\n\r\n&nbsp;&nbsp;&nbsp;&nbsp;&nbsp;&nbsp;&nbsp;&nbsp;</div></td></tr></tbody></table></div></td></tr>\r\n<tr>\r\n<td class=\"tdSolid\" valign=\"top\" width=\"100%\" align=\"left\">\r\n<div class=\"dashView\">\r\n<table cellspacing=\"0\" cellpadding=\"3\" width=\"100%\">\r\n<tbody>\r\n<tr>\r\n<td style=\"padding: 5px 0px\" valign=\"top\" colspan=\"2\" align=\"left\">\r\n<h2 style=\"margin: 2px; font-size: 1.2em\">&nbsp;</h2></td></tr>\r\n<tr>\r\n<td style=\"padding: 0px 10px 0px 0px\" valign=\"top\"></td>\r\n<td valign=\"top\" width=\"99%\" align=\"left\">\r\n<h2 style=\"margin: 0px 1px 10px; font-size: 1.1em\">\r\n\r\n&nbsp;&nbsp;&nbsp;&nbsp;&nbsp;&nbsp;&nbsp;</h2></td></tr></tbody></table></div></td></tr>	</tbody></table>', NULL, NULL, NULL, NULL, NULL, '4', NULL, 'Jhosmir', NULL, NULL, NULL, NULL, NULL, '', '', '', NULL, NULL, NULL, NULL, '1503304793', NULL, NULL, '0', '0', '0');
REPLACE INTO `rvs_project_page` (`project_page_id`, `rvs_usr_id`, `page_name`, `custom_page_name`, `rvs_component_id`, `page_data`, `page_data_zone_2`, `page_data_zone_3`, `page_data_zone_4`, `colume_width_1`, `colume_width_2`, `colume_width_3`, `rvs_layout_id`, `head`, `page_title`, `meta_keyword`, `meta_description`, `effect_page_enter`, `duration_page_enter`, `meta_page_effect`, `rvs_link_id`, `target`, `form_template_id`, `i_pathway`, `i_mail`, `i_print`, `i_favorite`, `last_modifier`, `link_active`, `page_type`, `blank_page`, `set_draft`, `is_member_page`) VALUES ('bc4eb36306ffa0d9530533eeb65eedec', '0c24eb591d61cbead8f94d167ad55751', 'Contact Us', '', 'ca5c8a59c1ed21848c6e8b5aa372f83e', '<div><strong><a href=\"http://www.jhosmir.com\"></a></strong>&nbsp;</div>\r\n<div align=\"left\"><strong></strong>&nbsp;</div>\r\n<div align=\"left\">&nbsp;</div>\r\n<div align=\"left\">&nbsp;</div>\r\n<div align=\"left\">&nbsp;</div>\r\n<div align=\"left\">&nbsp;</div>\r\n<div align=\"left\">\r\n<table width=\"100%\" cellspacing=\"0\" cellpadding=\"5\">\r\n<tbody>\r\n<tr>\r\n<td width=\"99%\" align=\"center\" valign=\"top\">\r\n<h2 align=\"left\" style=\"margin: 0px 1px 10px; font-size: 1.6em\">Company Address</h2></td></tr>\r\n<tr>\r\n<td width=\"99%\" align=\"left\" valign=\"top\">\r\n<h2 style=\"margin: 1px; font-size: 1.1em\"><span style=\"color: black; font-family: Calibri; font-size: 18pt; language: en-US\"><font style=\"font-size: small\"></font></span> <span style=\"color: black; font-family: Calibri; font-size: 12pt; language: en-US\">Blk8 Lot19&nbsp;Matthew St.</span></h2>\r\n<h2 style=\"margin: 1px; font-size: 1.1em\"><span style=\"color: black; font-family: Calibri; font-size: 12pt; language: en-US\"> Phase 4, Sto. Nino </span><span style=\"color: black; font-family: Calibri; font-size: 12pt; language: en-US\">Village</span></h2>\r\n<h2 style=\"margin: 1px; font-size: 1.1em\"><span style=\"color: black; font-family: Calibri; font-size: 12pt; language: en-US\"> Tunasan, Muntinlupa</span><span style=\"color: black; font-family: Calibri; font-size: 12pt; language: en-US\"> </span><span style=\"color: black; font-family: Calibri; font-size: 12pt; language: en-US\">City</span></h2>\r\n<h2 style=\"margin: 1px; font-size: 1.1em\"><span style=\"color: black; font-family: Calibri; font-size: 12pt; language: en-US\"> Philippines</span></h2></td></tr></tbody></table></div><span style=\"color: black; font-family: Calibri; font-size: 18pt; language: en-US\"></span>\r\n<div align=\"center\"></div>\r\n<div align=\"center\" style=\"text-align: left; text-indent: -0.38in; margin-top: 4.32pt; margin-bottom: 0pt; margin-left: 0.38in; unicode-bidi: embed; direction: ltr; word-break: normal; language: en-US; punctuation-wrap: hanging\"><span style=\"color: black; font-family: Calibri; font-size: 18pt; language: en-US\"></span></div>\r\n<div align=\"center\"></div>\r\n<div align=\"center\" style=\"text-align: left; text-indent: -0.38in; margin-top: 4.32pt; margin-bottom: 0pt; margin-left: 0.38in; unicode-bidi: embed; direction: ltr; word-break: normal; language: en-US; punctuation-wrap: hanging\"><span style=\"color: black; font-family: Calibri; font-size: 18pt; font-weight: bold; language: en-US\">&nbsp;</span></div>\r\n<div>&nbsp;</div>', '<div></div>\r\n<table width=\"780\" class=\"rvFrame\" cellspacing=\"1\" cellpadding=\"1\">\r\n<tbody>\r\n<tr>\r\n<td class=\"tdSolid\">\r\n<div align=\"left\" class=\"dashView\">\r\n<table width=\"100%\" cellspacing=\"0\" cellpadding=\"5\">\r\n<tbody>\r\n<tr>\r\n<td width=\"99%\" align=\"center\" valign=\"top\">\r\n<h2 align=\"left\" style=\"margin: 0px 1px 10px; font-size: 1.6em\">&nbsp;</h2></td></tr>\r\n<tr>\r\n<td width=\"99%\" align=\"left\" valign=\"top\">\r\n<h2 style=\"margin: 1px; font-size: 1.1em\">&nbsp;</h2>\r\n<h2 style=\"margin: 1px; font-size: 1.1em\"><span style=\"color: black; font-family: Calibri; font-size: 12pt; language: en-US\"></span><span style=\"color: black; font-family: Calibri; font-size: 12pt; language: en-US\"><font face=\"Verdana\" size=\"2\"></font>&nbsp;</span></h2>\r\n<h2 style=\"margin: 1px; font-size: 1.1em\">\r\n<div><span style=\"color: black; font-family: Calibri; font-size: 18pt; font-weight: bold; language: en-US\">Contact Details:</span></div>\r\n<div><span style=\"color: black; font-family: Calibri; font-size: 18pt; font-weight: bold; language: en-US\"></span>&nbsp;</div>\r\n<div><span style=\"color: black; font-family: Calibri; font-size: 18pt; font-weight: bold; language: en-US\"><a title=\"null\" href=\"&#109;&#97;&#105;&#108;&#116;&#111;&#58;&#98;&#105;&#108;&#108;&#121;&#118;&#64;&#106;&#104;&#111;&#115;&#109;&#105;&#114;&#46;&#99;&#111;&#109;\"><font color=\"#0066cc\">Billy Villanueva</font></a></span></div>\r\n<div align=\"center\">&nbsp;</div>\r\n<div align=\"left\">Telephone&nbsp;&nbsp;&nbsp;&nbsp;&nbsp;&nbsp;&nbsp;&nbsp;&nbsp; :&nbsp; &nbsp;+632 5449314</div>\r\n<div align=\"left\">Mobile&nbsp;&nbsp;&nbsp;&nbsp;&nbsp;&nbsp;&nbsp;&nbsp;&nbsp;&nbsp;&nbsp;&nbsp;&nbsp;&nbsp;&nbsp;&nbsp;:&nbsp;&nbsp; +63947 5582219</div>\r\n<div align=\"left\">Email Address&nbsp;&nbsp;&nbsp;&nbsp;:&nbsp;&nbsp; <a href=\"&#109;&#97;&#105;&#108;&#116;&#111;&#58;&#98;&#105;&#108;&#108;&#121;&#118;&#64;&#106;&#104;&#111;&#115;&#109;&#105;&#114;&#46;&#99;&#111;&#109;\">&#98;&#105;&#108;&#108;&#121;&#118;&#64;&#106;&#104;&#111;&#115;&#109;&#105;&#114;&#46;&#99;&#111;&#109;</a></div>\r\n<div align=\"left\">Website&nbsp;&nbsp;&nbsp;&nbsp;&nbsp;&nbsp;&nbsp;&nbsp;&nbsp;&nbsp;&nbsp;&nbsp;&nbsp; :&nbsp;&nbsp;&nbsp;<a href=\"http://www.jhosmir.com\">www.jhosmir.com</a></div></h2>\r\n<div style=\"margin: 1px; font-size: 1.1em\"><font face=\"Times New Roman\" size=\"3\"></font>&nbsp;</div>\r\n<div style=\"margin: 1px; font-size: 1.1em\">&nbsp;</div>\r\n<p class=\"MsoNormal\" style=\"margin: 0.75pt 0.75pt 0.75pt 0in; line-height: normal\">&nbsp;</p><font face=\"Times New Roman\" size=\"3\"></font>\r\n<p style=\"margin: 1px; font-size: 1.1em\"></p></td></tr></tbody></table></div></td></tr></tbody></table>', '<table width=\"780\" class=\"rvFrame\" cellspacing=\"1\" cellpadding=\"1\">\r\n<tbody>\r\n<tr>\r\n<td class=\"tdSolid\">\r\n<div class=\"dashView\">\r\n<table width=\"100%\" cellspacing=\"0\" cellpadding=\"5\">\r\n<tbody>\r\n<tr>\r\n<td width=\"99%\" align=\"center\" valign=\"top\">\r\n<h2 style=\"margin: 0px 1px 10px; font-size: 1.6em\">&nbsp;</h2></td></tr>\r\n<tr>\r\n<td width=\"99%\" align=\"left\" valign=\"top\">\r\n<h2 style=\"margin: 1px; font-size: 1.1em\">&nbsp;</h2></td></tr></tbody></table></div></td></tr></tbody></table>', NULL, '31', '69', NULL, '6', NULL, NULL, NULL, NULL, NULL, NULL, NULL, '', '', '', NULL, NULL, NULL, NULL, '1516249487', NULL, NULL, '0', '0', '0');
REPLACE INTO `rvs_project_page` (`project_page_id`, `rvs_usr_id`, `page_name`, `custom_page_name`, `rvs_component_id`, `page_data`, `page_data_zone_2`, `page_data_zone_3`, `page_data_zone_4`, `colume_width_1`, `colume_width_2`, `colume_width_3`, `rvs_layout_id`, `head`, `page_title`, `meta_keyword`, `meta_description`, `effect_page_enter`, `duration_page_enter`, `meta_page_effect`, `rvs_link_id`, `target`, `form_template_id`, `i_pathway`, `i_mail`, `i_print`, `i_favorite`, `last_modifier`, `link_active`, `page_type`, `blank_page`, `set_draft`, `is_member_page`) VALUES ('2fff83af691d145c201aa9ec4aa54b12', '0c24eb591d61cbead8f94d167ad55751', 'Home', '', '0', '<table class=\"rvFrame\" cellspacing=\"1\" cellpadding=\"1\" width=\"780\">\r\n<tbody>\r\n<tr>\r\n<td class=\"tdSolid\" valign=\"top\" align=\"left\">\r\n<div class=\"dashView\">\r\n<table cellspacing=\"0\" cellpadding=\"8\" width=\"100%\">\r\n<tbody>\r\n<tr>\r\n<td style=\"padding: 5px 0px\" valign=\"top\" colspan=\"2\">\r\n<h2 style=\"margin: 2px; font-size: 1.3em\"><u>COMPANY PROFILE</u></h2></td></tr>\r\n<tr>\r\n<td valign=\"top\">\r\n<div>&nbsp;</div>\r\n<div>&nbsp;</div>\r\n<div>&nbsp;<img style=\"width: 135px; height: 94px\" title=\"\" hspace=\"10\" alt=\"\" width=\"135\" height=\"94\" src=\"{IMAGE_URL}/jhosmir.png\" /></div></td>\r\n<td valign=\"top\">\r\n<div><font style=\"font-size: x-small\"><span style=\"color: black; font-family: Calibri; font-size: 18pt; language: en-US\"><font style=\"font-size: medium\"></font></span></font><span></span>\r\n<table style=\"width: 100%; border-collapse: collapse\" border=\"1\" cellspacing=\"0\" bordercolor=\"#000000\" summary=\"\" cellpadding=\"3\">\r\n<tbody>\r\n<tr valign=\"top\">\r\n<td>\r\n<div><font size=\"3\" face=\"Times New Roman\"></font>\r\n<div style=\"padding: 1pt 4pt; border: 1pt solid windowtext\"><font size=\"3\" face=\"Times New Roman\"></font>\r\n<p style=\"margin: 0in 0in 10pt; padding: 0in; border: currentColor; line-height: normal\" class=\"MsoNormal\"><font face=\"Calibri\"><strong><u><span>CORE VALUES</span></u></strong><strong><span></span></strong></font><font size=\"3\" face=\"Times New Roman\"></font></p>\r\n<p style=\"margin: 0in 0in 0pt; padding: 0in; border: currentColor; line-height: normal\" class=\"MsoNormal\"><font face=\"Calibri\"><span><span>&nbsp;&nbsp; </span>Working with the Customer</span><span> </span><span>as a Team for quality</span><span> </span></font><font face=\"Calibri\"><span>Service.<br />\r\n<span>&nbsp;&nbsp; </span>Awareness Attitude with </span><strong><span>“DO IT RIGHT THE FIRST TIME”</span></strong><span></span></font></p><font size=\"3\" face=\"Times New Roman\"></font></div><font size=\"3\" face=\"Times New Roman\"></font></div></td></tr></tbody></table></div>\r\n<div><span></span>&nbsp;</div>\r\n<div><span>\r\n<table style=\"width: 100%; border-collapse: collapse\" border=\"1\" cellspacing=\"0\" bordercolor=\"#000000\" summary=\"\" cellpadding=\"3\">\r\n<tbody>\r\n<tr valign=\"top\">\r\n<td>\r\n<div><font face=\"Times New Roman\"></font>\r\n<div style=\"padding: 1pt 4pt; border: 1pt solid windowtext\"><font face=\"Times New Roman\"></font>\r\n<p style=\"margin: 0in 0in 0pt; padding: 0in; border: currentColor; line-height: normal\" class=\"MsoNormal\"><font face=\"Calibri\"><strong><u><span>COMPANY GOALS</span></u></strong><span></span></font></p><font face=\"Times New Roman\"></font>\r\n<p style=\"margin: 0in 0in 0pt; padding: 0in; border: currentColor; line-height: normal\" class=\"MsoNormal\"><font face=\"Calibri\"><span><span>&nbsp;</span>To be a One Stop Board Repair, Fabrication, Semiconductor </span><span>Machine</span><span> Supplier,&nbsp;&nbsp;S</span></font><font face=\"Calibri\"><span>pare Parts and Service. To provide best job quality and Cost Effectiveness<font size=\"3\"> </font></span><span></span></font></p><font face=\"Times New Roman\"></font></div><font face=\"Times New Roman\"></font></div></td></tr></tbody></table></span></div>\r\n<div>&nbsp;</div></td></tr>\r\n<tr valign=\"top\">\r\n<td valign=\"top\">\r\n<div><font size=\"3\" face=\"Times New Roman\"></font><font face=\"Calibri\"><span><strong>Sales and Service Provider for Used Semicon Machines such as :</strong></span><span></span></font><font size=\"3\" face=\"Times New Roman\"></font>\r\n<p style=\"margin: 0in 0in 0pt 38.25pt; line-height: normal; text-indent: -0.25in\" class=\"MsoListParagraphCxSpFirst\"><span style=\"font-family: Symbol; font-size: 9pt\"><span><font face=\"Times New Roman\"><font size=\"3\"><img alt=\"*\" width=\"9\" height=\"9\" src=\"file:///C:/Users/Maribeth/AppData/Local/Temp/msohtmlclip1/01/clip_image001.gif\" /></font><span style=\"font-size-adjust: none; font-stretch: normal\">&nbsp;&nbsp;&nbsp;&nbsp;&nbsp;&nbsp;&nbsp;</span></font></span></span><font face=\"Calibri\"><span>Disco(any model),</span><span></span></font></p><font size=\"3\" face=\"Times New Roman\"></font>\r\n<p style=\"margin: 0in 0in 0pt 38.25pt; line-height: normal; text-indent: -0.25in\" class=\"MsoListParagraphCxSpMiddle\"><span style=\"font-family: Symbol; font-size: 9pt\"><span><font face=\"Times New Roman\"><font size=\"3\"><img alt=\"*\" width=\"9\" height=\"9\" src=\"file:///C:/Users/Maribeth/AppData/Local/Temp/msohtmlclip1/01/clip_image001.gif\" /></font><span style=\"font-size-adjust: none; font-stretch: normal\">&nbsp;&nbsp;&nbsp;&nbsp;&nbsp;&nbsp;&nbsp;</span></font></span></span><font face=\"Calibri\"><span>Wafer Mounter,</span><span></span></font></p><font size=\"3\" face=\"Times New Roman\"></font>\r\n<p style=\"margin: 0in 0in 0pt 38.25pt; line-height: normal; text-indent: -0.25in\" class=\"MsoListParagraphCxSpMiddle\"><span style=\"font-family: Symbol; font-size: 9pt\"><span><font face=\"Times New Roman\"><font size=\"3\"><img alt=\"*\" width=\"9\" height=\"9\" src=\"file:///C:/Users/Maribeth/AppData/Local/Temp/msohtmlclip1/01/clip_image001.gif\" /></font><span style=\"font-size-adjust: none; font-stretch: normal\">&nbsp;&nbsp;&nbsp;&nbsp;&nbsp;&nbsp;&nbsp;</span></font></span></span><font face=\"Calibri\"><span>Blue</span><span> </span><span>M Oven,</span><span></span></font></p><font size=\"3\" face=\"Times New Roman\"></font>\r\n<p style=\"margin: 0in 0in 0pt 38.25pt; line-height: normal; text-indent: -0.25in\" class=\"MsoListParagraphCxSpMiddle\"><span style=\"font-family: Symbol; font-size: 9pt\"><span><font face=\"Times New Roman\"><font size=\"3\"><img alt=\"*\" width=\"9\" height=\"9\" src=\"file:///C:/Users/Maribeth/AppData/Local/Temp/msohtmlclip1/01/clip_image001.gif\" /></font><span style=\"font-size-adjust: none; font-stretch: normal\">&nbsp;&nbsp;&nbsp;&nbsp;&nbsp;&nbsp;&nbsp;</span></font></span></span><font face=\"Calibri\"><span>RTCFurnace,</span><span></span></font></p><font size=\"3\" face=\"Times New Roman\"></font>\r\n<p style=\"margin: 0in 0in 0pt 38.25pt; line-height: normal; text-indent: -0.25in\" class=\"MsoListParagraphCxSpMiddle\"><span style=\"font-family: Symbol; font-size: 9pt\"><span><font face=\"Times New Roman\"><font size=\"3\"><img alt=\"*\" width=\"9\" height=\"9\" src=\"file:///C:/Users/Maribeth/AppData/Local/Temp/msohtmlclip1/01/clip_image001.gif\" /></font><span style=\"font-size-adjust: none; font-stretch: normal\">&nbsp;&nbsp;&nbsp;&nbsp;&nbsp;&nbsp;&nbsp;</span></font></span></span><font face=\"Calibri\"><span>Alphasem, </span><span></span></font></p><font size=\"3\" face=\"Times New Roman\"></font>\r\n<p style=\"margin: 0in 0in 0pt 38.25pt; line-height: normal; text-indent: -0.25in\" class=\"MsoListParagraphCxSpMiddle\"><span style=\"font-family: Symbol; font-size: 9pt\"><span><font face=\"Times New Roman\"><font size=\"3\"><img alt=\"*\" width=\"9\" height=\"9\" src=\"file:///C:/Users/Maribeth/AppData/Local/Temp/msohtmlclip1/01/clip_image001.gif\" /></font><span style=\"font-size-adjust: none; font-stretch: normal\">&nbsp;&nbsp;&nbsp;&nbsp;&nbsp;&nbsp;&nbsp;</span></font></span></span><font face=\"Calibri\"><span>Magnum, </span><span></span></font></p><font size=\"3\" face=\"Times New Roman\"></font>\r\n<p style=\"margin: 0in 0in 0pt 38.25pt; line-height: normal; text-indent: -0.25in\" class=\"MsoListParagraphCxSpMiddle\"><span style=\"font-family: Symbol; font-size: 9pt\"><span><font face=\"Times New Roman\"><font size=\"3\"><img alt=\"*\" width=\"9\" height=\"9\" src=\"file:///C:/Users/Maribeth/AppData/Local/Temp/msohtmlclip1/01/clip_image001.gif\" /></font><span style=\"font-size-adjust: none; font-stretch: normal\">&nbsp;&nbsp;&nbsp;&nbsp;&nbsp;&nbsp;&nbsp;</span></font></span></span><font face=\"Calibri\"><span>KNS Wedge Bonders</span><span></span></font></p><font size=\"3\" face=\"Times New Roman\"></font>\r\n<p style=\"margin: 0in 0in 0pt 38.25pt; line-height: normal; text-indent: -0.25in\" class=\"MsoListParagraphCxSpLast\"><span style=\"font-family: Symbol; font-size: 9pt\"><span><font face=\"Times New Roman\"><font size=\"3\"><img alt=\"*\" width=\"9\" height=\"9\" src=\"file:///C:/Users/Maribeth/AppData/Local/Temp/msohtmlclip1/01/clip_image001.gif\" /></font><span style=\"font-size-adjust: none; font-stretch: normal\">&nbsp;&nbsp;&nbsp;&nbsp;&nbsp;&nbsp;&nbsp;</span></font></span></span><font face=\"Calibri\"><span><span>&nbsp;</span>Others.</span><span></span></font></p><font size=\"3\" face=\"Times New Roman\">\r\n\r\n&nbsp;</font></div></td>\r\n<td valign=\"top\">\r\n<div>&nbsp;&nbsp;</div>\r\n<div>&nbsp;</div>\r\n<div><img style=\"width: 81px; height: 34px\" title=\"\" hspace=\"10\" alt=\"\" width=\"81\" height=\"34\" src=\"{IMAGE_URL}/jhosmir.png\" /><img style=\"width: 82px; height: 41px\" title=\"\" hspace=\"10\" alt=\"\" width=\"82\" height=\"41\" src=\"{IMAGE_URL}/jhosmir.png\" /><img style=\"width: 82px; height: 41px\" title=\"\" hspace=\"10\" alt=\"\" width=\"82\" height=\"41\" src=\"{IMAGE_URL}/jhosmir.png\" /><img style=\"width: 82px; height: 41px\" title=\"\" hspace=\"10\" alt=\"\" width=\"82\" height=\"41\" src=\"{IMAGE_URL}/jhosmir.png\" /></div>\r\n<div>&nbsp;</div>\r\n<div>&nbsp;</div>\r\n<div><img style=\"width: 81px; height: 34px\" title=\"\" hspace=\"10\" alt=\"\" width=\"81\" height=\"34\" src=\"{IMAGE_URL}/jhosmir.png\" /><img style=\"width: 82px; height: 41px\" title=\"\" hspace=\"10\" alt=\"\" width=\"82\" height=\"41\" src=\"{IMAGE_URL}/jhosmir.png\" /><img style=\"width: 82px; height: 41px\" title=\"\" hspace=\"10\" alt=\"\" width=\"82\" height=\"41\" src=\"{IMAGE_URL}/jhosmir.png\" /><img style=\"width: 82px; height: 41px\" title=\"\" hspace=\"10\" alt=\"\" width=\"82\" height=\"41\" src=\"{IMAGE_URL}/jhosmir.png\" /></div>\r\n<div>&nbsp;</div>\r\n<div>&nbsp;</div></td></tr>\r\n<tr valign=\"top\">\r\n<td style=\"padding: 5px\" valign=\"top\" colspan=\"2\" align=\"left\">\r\n<ul>\r\n<li><font size=\"3\" face=\"Times New Roman\">Agent or Distributor of Spare Parts for all above machines.</font></li>\r\n<li><font size=\"3\" face=\"Times New Roman\"><span><font face=\"Calibri\">Technical Support Service with expertise in Samsung, Kns,Disco, Alphasem, Magnum and Polaris Machines.</font></span><span></span> </font></li>\r\n<li><font size=\"3\" face=\"Times New Roman\"><font face=\"Calibri\"><span>An authorized Representative</span><span> </span><span>of Polaris Electronics Corp.,a manufacturer of Hermetics Seam Sealer and </span></font><span><span></span></span><span><font face=\"Calibri\">Welders.</font></span></font><font size=\"3\" face=\"Calibri\"><span>&nbsp;&nbsp;&nbsp;&nbsp;&nbsp; <font size=\"3\" face=\"Times New Roman\"></font></span></font></li><font size=\"3\" face=\"Calibri\"></font></ul><font size=\"3\" face=\"Calibri\">\r\n<p style=\"margin: 0in 0in 0pt 1in; line-height: normal; text-indent: -0.25in\" class=\"MsoListParagraph\"><span style=\"color: black; font-size: 13.5pt\"><span><font size=\"3\" face=\"Times New Roman\"></font><span style=\"color: black; font-size: 13.5pt\"><span>1.<span style=\"font-size-adjust: none; font-stretch: normal\">&nbsp;&nbsp;&nbsp;&nbsp;</span></span></span><span>Spot Welders (1100 AC Spot Welder)</span></span></span></p>\r\n<p style=\"margin: 0in 0in 0pt 1in; line-height: normal; text-indent: -0.25in\" class=\"MsoListParagraph\"><font size=\"3\" face=\"Times New Roman\"></font><span style=\"color: black; font-size: 13.5pt\"><span>2.<span style=\"font-size-adjust: none; font-stretch: normal\">&nbsp;&nbsp;&nbsp;&nbsp;</span></span></span><span>Parallel Gap Welder</span></p>\r\n<p style=\"margin: 0in 0in 0pt 1in; line-height: normal; text-indent: -0.25in\" class=\"MsoListParagraph\"><font size=\"3\" face=\"Times New Roman\"></font><span style=\"color: black; font-size: 13.5pt\"><span>3.<span style=\"font-size-adjust: none; font-stretch: normal\">&nbsp;&nbsp;&nbsp;&nbsp;</span></span></span><span>Snap Tite (Spacer/Insulator\r\nApplication System)</span></p>\r\n<p style=\"margin: 0in 0in 0pt 1in; line-height: normal; text-indent: -0.25in\" class=\"MsoListParagraph\"><font size=\"3\" face=\"Times New Roman\"></font><span style=\"color: black; font-size: 13.5pt\"><span>4.<span style=\"font-size-adjust: none; font-stretch: normal\">&nbsp;&nbsp;&nbsp;&nbsp;</span></span></span><span>Projection Welders (AC or CD\r\n7100/7200 Rotary Table, AC or CD 5100/5200 Single Station, AC or CD 4100/4200\r\nVacuum Welder.)</span></p>\r\n<p style=\"margin: 0in 0in 0pt 1in; line-height: normal; text-indent: -0.25in\" class=\"MsoListParagraph\"><font size=\"3\" face=\"Times New Roman\"></font><span style=\"color: black; font-size: 13.5pt\"><span>5.<span style=\"font-size-adjust: none; font-stretch: normal\">&nbsp;&nbsp;&nbsp;&nbsp;</span></span></span><span>Optional Equipment (Atmosphere Chambers,Vacuum\r\nBake-out Ovens, Cycle Master, Nitrogen Gas dryers, Moisture and Oxygen\r\nAnalyzers, Current Analyzers.)</span></p>\r\n<p style=\"margin: 0in 0in 0pt 1in; line-height: normal; text-indent: -0.25in\" class=\"MsoListParagraph\"><font size=\"3\" face=\"Times New Roman\"></font><span style=\"color: black; font-size: 13.5pt\"><span>6.<span style=\"font-size-adjust: none; font-stretch: normal\">&nbsp;&nbsp;&nbsp;&nbsp;</span></span></span><span>Seam Sealers (Venus Seam Welder,Lid\r\nTacker.)</span></p>\r\n<p style=\"margin: 0in 0in 0pt 1in; line-height: normal; text-indent: -0.25in\" class=\"MsoListParagraph\"><font size=\"3\" face=\"Times New Roman\"></font><font size=\"3\" face=\"Times New Roman\"></font></p>\r\n<p style=\"margin: 0in 0in 0pt 0.5in; line-height: normal; text-indent: -0.25in\" class=\"MsoListParagraph\"><span style=\"color: black; font-family: Symbol; font-size: 13.5pt\"><span>·<span style=\"font-size-adjust: none; font-stretch: normal\">&nbsp;&nbsp;&nbsp;&nbsp;&nbsp;&nbsp;&nbsp;</span></span></span><span>Sole distributor of Semicorp products\r\nin the Philippines</span></p>\r\n<p style=\"margin: 0in 0in 0pt 1in; line-height: normal; text-indent: -0.25in\" class=\"MsoListParagraph\"><font size=\"3\" face=\"Times New Roman\"></font></p><font size=\"3\" face=\"Times New Roman\">\r\n<p style=\"margin: 0in 0in 0pt 1in; line-height: normal; text-indent: -0.25in\" class=\"MsoListParagraphCxSpFirst\"><span style=\"color: black; font-size: 13.5pt\"><span><font face=\"Calibri\">1.</font><span style=\"font-size-adjust: none; font-stretch: normal\">&nbsp;&nbsp;&nbsp;&nbsp;</span></span></span><span><font face=\"Calibri\">Model 3100,3150,300,3200 &amp;3250\r\nTape Applicators.</font></span></p>\r\n<p style=\"margin: 0in 0in 0pt 1in; line-height: normal; text-indent: -0.25in\" class=\"MsoListParagraph\"><span style=\"color: black; font-size: 13.5pt\"><span><font face=\"Calibri\">2.</font><span style=\"font-size-adjust: none; font-stretch: normal\">&nbsp;&nbsp;&nbsp;&nbsp;</span></span></span><span><font face=\"Calibri\">Model 360 UV Curing System</font></span></p>\r\n<p style=\"margin: 0in 0in 0pt 1in; line-height: normal; text-indent: -0.25in\" class=\"MsoListParagraph\"><span style=\"color: black; font-size: 13.5pt\"><span><font face=\"Calibri\">3.</font><span style=\"font-size-adjust: none; font-stretch: normal\">&nbsp;&nbsp;&nbsp;&nbsp;</span></span></span><span><font face=\"Calibri\">Model 850 &amp; 860 Die Bonders</font></span></p>\r\n<p style=\"margin: 0in 0in 0pt 1in; line-height: normal; text-indent: -0.25in\" class=\"MsoListParagraph\"><span style=\"color: black; font-size: 13.5pt\"><span><font face=\"Calibri\">4.</font><span style=\"font-size-adjust: none; font-stretch: normal\">&nbsp;&nbsp;&nbsp;&nbsp;</span></span></span><span><font face=\"Calibri\">Model 430 &amp; 450 Hot Gas Equipment</font></span></p>\r\n<p style=\"margin: 0in 0in 0pt 1in; line-height: normal; text-indent: -0.25in\" class=\"MsoListParagraph\"><span style=\"color: black; font-size: 13.5pt\"><span><font face=\"Calibri\">5.</font><span style=\"font-size-adjust: none; font-stretch: normal\">&nbsp;&nbsp;&nbsp;&nbsp;</span></span></span><span><font face=\"Calibri\">Model 4750 Poker Plate</font></span></p>\r\n<p style=\"margin: 0in 0in 0pt 1in; line-height: normal; text-indent: -0.25in\" class=\"MsoListParagraph\"><span style=\"color: black; font-size: 13.5pt\"><span><font face=\"Calibri\">6.</font><span style=\"font-size-adjust: none; font-stretch: normal\">&nbsp;&nbsp;&nbsp;&nbsp;</span></span></span><span><font face=\"Calibri\">Model 4800 Die Ejector</font></span></p>\r\n<p style=\"margin: 0in 0in 0pt 1in; line-height: normal; text-indent: -0.25in\" class=\"MsoListParagraph\"><span style=\"color: black; font-size: 13.5pt\"><span><font face=\"Calibri\">7.</font><span style=\"font-size-adjust: none; font-stretch: normal\">&nbsp;&nbsp;&nbsp;&nbsp;</span></span></span><span><font face=\"Calibri\">Model 830 Pick &amp; Place</font></span></p>\r\n<p style=\"margin: 0in 0in 0pt 1in; line-height: normal; text-indent: -0.25in\" class=\"MsoListParagraph\"><span style=\"color: black; font-size: 13.5pt\"><span><font face=\"Calibri\">8.</font><span style=\"font-size-adjust: none; font-stretch: normal\">&nbsp;&nbsp;&nbsp;&nbsp;</span></span></span><span><font face=\"Calibri\">Hugle HS-1810 Expander</font></span></p>\r\n<p style=\"margin: 0in 0in 0pt 1in; line-height: normal; text-indent: -0.25in\" class=\"MsoListParagraph\"><span style=\"color: black; font-size: 13.5pt\"><span><font face=\"Calibri\">9.</font><span style=\"font-size-adjust: none; font-stretch: normal\">&nbsp;&nbsp;&nbsp;&nbsp;</span></span></span><span><font face=\"Calibri\">Accessories/Parts</font></span></p>\r\n<p style=\"margin: 0in 0in 0pt 1in; line-height: normal; text-indent: -0.25in\" class=\"MsoListParagraph\"><span style=\"color: black; font-size: 13.5pt\"><span><font face=\"Calibri\">10.</font><span style=\"font-size-adjust: none; font-stretch: normal\"> </span></span></span><span><font face=\"Calibri\">Custom Equipment</font></span></p>\r\n<p style=\"margin: 0in 0in 0pt 1in; line-height: normal; text-indent: -0.25in\" class=\"MsoListParagraph\"><span style=\"color: black; font-size: 13.5pt\"><span><font face=\"Calibri\">11.</font><span style=\"font-size-adjust: none; font-stretch: normal\"> </span></span></span><span><font face=\"Calibri\">MSA 840-II Nitto Semi-auto wafer mounter</font></span></p>\r\n<p style=\"margin: 0in 0in 0pt 1in; line-height: normal; text-indent: -0.25in\" class=\"MsoListParagraph\"><span style=\"color: black; font-size: 13.5pt\"><span><font face=\"Calibri\">12.</font><span style=\"font-size-adjust: none; font-stretch: normal\"> </span></span></span><span><font face=\"Calibri\">Specialty Dicing Tapes-UV Curable &amp; High Purity</font></span></p>\r\n<p style=\"margin: 0in 0in 0pt 1in; line-height: normal; text-indent: -0.25in\" class=\"MsoListParagraph\"><span style=\"color: black; font-size: 13.5pt\"><span><font face=\"Calibri\">13.</font><span style=\"font-size-adjust: none; font-stretch: normal\"> </span></span></span><span><font face=\"Calibri\">Standard Dicing Tape</font></span></p>\r\n<p style=\"margin: 0in 0in 0pt 1in; line-height: normal; text-indent: -0.25in\" class=\"MsoListParagraph\"><span style=\"color: black; font-size: 13.5pt\"><span><font face=\"Calibri\">14.</font><span style=\"font-size-adjust: none; font-stretch: normal\"> </span></span></span><span><font face=\"Calibri\">Aquabond</font></span></p>\r\n<p style=\"margin: 0in 0in 0pt 1in; line-height: normal; text-indent: -0.25in\" class=\"MsoListParagraph\" align=\"left\"><span><font face=\"Calibri\"><font size=\"3\" face=\"Times New Roman\"></font></font></span></p><font face=\"Calibri\">\r\n<ul>\r\n<li>\r\n<div style=\"margin: 0in 0in 0pt 0.5in; line-height: normal; text-indent: -0.25in\" class=\"MsoListParagraph\"><span style=\"font-family: Symbol; font-size: 9pt\"><span><span style=\"font-size-adjust: none; font-stretch: normal\">&nbsp;&nbsp;</span></span></span><span>Provide Board Repair for</span><span> </span><span>all circuit boards, power supplies of\r\nany kind.</span></div></li>\r\n<li>\r\n<div style=\"margin: 0in 0in 0pt 0.5in; line-height: normal; text-indent: -0.25in\" class=\"MsoListParagraph\"><span></span><span><span>&nbsp;</span></span><span>ISO Certified Tooling Fabrications.</span></div></li></ul></font></font>\r\n<p style=\"margin: 0in 0in 0pt 0.5in; line-height: normal; text-indent: -0.25in\" class=\"MsoListParagraph\">&nbsp;</p></font>\r\n<p style=\"margin: 0in 0in 0pt 0.5in; line-height: normal; text-indent: -0.25in\" class=\"MsoListParagraph\"><span style=\"font-family: Symbol; font-size: 9pt\"><span><span style=\"font-size-adjust: none; font-stretch: normal\"></span></span></span><font face=\"Calibri\"><span>Agent or Distributor</span><span> </span><span>of Spare Parts for all above\r\nmachines.</span><span></span></font></p><font size=\"3\" face=\"Times New Roman\"></font></td></tr>\r\n<tr>\r\n<td style=\"padding: 5px\" valign=\"top\" colspan=\"2\" align=\"left\">\r\n<ul>\r\n<li>\r\n<div style=\"text-align: left; margin-top: 0pt; margin-bottom: 0pt; margin-left: 0in; unicode-bidi: embed; direction: ltr; word-break: normal; language: en-US; punctuation-wrap: hanging\">Esec Machine Models</div></li>\r\n<li>\r\n<div style=\"text-align: left; margin-top: 0pt; margin-bottom: 0pt; margin-left: 0in; unicode-bidi: embed; direction: ltr; word-break: normal; language: en-US; punctuation-wrap: hanging\">All Magnum Models</div></li>\r\n<li>\r\n<div style=\"text-align: left; margin-top: 0pt; margin-bottom: 0pt; margin-left: 0in; unicode-bidi: embed; direction: ltr; word-break: normal; language: en-US; punctuation-wrap: hanging\">Apollo Models</div></li>\r\n<li>\r\n<div style=\"text-align: left; margin-top: 0pt; margin-bottom: 0pt; margin-left: 0in; unicode-bidi: embed; direction: ltr; word-break: normal; language: en-US; punctuation-wrap: hanging\">KNS</div></li>\r\n<li>\r\n<div style=\"text-align: left; margin-top: 0pt; margin-bottom: 0pt; margin-left: 0in; unicode-bidi: embed; direction: ltr; word-break: normal; language: en-US; punctuation-wrap: hanging\">Alhasem</div></li>\r\n<li>\r\n<div style=\"text-align: left; margin-top: 0pt; margin-bottom: 0pt; margin-left: 0in; unicode-bidi: embed; direction: ltr; word-break: normal; language: en-US; punctuation-wrap: hanging\">ASM</div></li>\r\n<li>\r\n<div style=\"text-align: left; margin-top: 0pt; margin-bottom: 0pt; margin-left: 0in; unicode-bidi: embed; direction: ltr; word-break: normal; language: en-US; punctuation-wrap: hanging\">Kaijo</div></li>\r\n<li>\r\n<div style=\"text-align: left; margin-top: 0pt; margin-bottom: 0pt; margin-left: 0in; unicode-bidi: embed; direction: ltr; word-break: normal; language: en-US; punctuation-wrap: hanging\">Disco</div></li>\r\n<li>\r\n<div style=\"text-align: left; margin-top: 0pt; margin-bottom: 0pt; margin-left: 0in; unicode-bidi: embed; direction: ltr; word-break: normal; language: en-US; punctuation-wrap: hanging\">Polaris</div></li>\r\n<li>CNC (any model)\r\n<div style=\"text-align: left; margin-top: 0pt; margin-bottom: 0pt; margin-left: 0in; unicode-bidi: embed; direction: ltr; word-break: normal; language: en-US; punctuation-wrap: hanging\">&nbsp;</div></li></ul>\r\n<div style=\"text-align: left; margin-top: 0pt; margin-bottom: 0pt; margin-left: 0in; unicode-bidi: embed; direction: ltr; word-break: normal; language: en-US; punctuation-wrap: hanging\"><span style=\"font-size: 18pt\"><span style=\"font-family: Arial\">• </span></span><span style=\"color: black; font-family: Calibri; font-size: 18pt; language: en-US\"><font style=\"font-size: medium\">Other Services:</font></span></div>\r\n<div style=\"text-align: left; margin-top: 0pt; margin-bottom: 0pt; margin-left: 0in; unicode-bidi: embed; direction: ltr; word-break: normal; language: en-US; punctuation-wrap: hanging\"><span style=\"color: black; font-family: Calibri; font-size: 18pt; language: en-US\"><span><font style=\"font-size: medium\">JHOSMIR ENTERPRISES can also rebuild or retrofit the above machine\r\nmodels</font></span></span></div><font style=\"font-size: medium\"></font>\r\n<div style=\"text-align: left; margin-top: 0pt; margin-bottom: 0pt; margin-left: 0in; unicode-bidi: embed; direction: ltr; word-break: normal; language: en-US; punctuation-wrap: hanging\"><span style=\"color: black; font-family: Calibri; font-size: 18pt; language: en-US\"><span><font style=\"font-size: medium\"></font>\r\n<p style=\"margin: 0in 0in 10pt\" class=\"MsoNormal\"><font style=\"font-size: medium\"><span>JHOSMIR\r\nENTERPRISES also has spare parts inventory in stock.</span><span></span></font></p><font face=\"Times New Roman\"></font></span></span></div>\r\n<div style=\"text-align: left; margin-top: 0pt; margin-bottom: 0pt; margin-left: 0in; unicode-bidi: embed; direction: ltr; word-break: normal; language: en-US; punctuation-wrap: hanging\"><font style=\"font-size: medium\"><span style=\"color: black; font-family: Calibri; font-size: 18pt; language: en-US\"></span></font>&nbsp;</div></td></tr></tbody></table></div></td></tr>\r\n<tr>\r\n<td class=\"tdSolid\" valign=\"top\" align=\"left\">\r\n<div class=\"dashView\">\r\n<table cellspacing=\"0\" cellpadding=\"3\" width=\"100%\">\r\n<tbody>\r\n<tr>\r\n<td valign=\"top\" width=\"99%\" align=\"left\">\r\n<h2 style=\"margin: 3px; font-size: 1.2em\">&nbsp;</h2></td></tr>\r\n<tr>\r\n<td valign=\"top\" align=\"left\">\r\n<h3 style=\"padding: 0px; list-style-type: square\">&nbsp;</h3></td></tr></tbody></table></div></td></tr></tbody></table>', NULL, NULL, NULL, NULL, NULL, NULL, '1', NULL, 'Jhosmir', 'trading,electronics,machine,semi-conductor,repair service,opto-electronics,spare-parts,board,board repair,pcb,magnum,polaris,disco,', 'supplier and distributor', NULL, NULL, NULL, '', '', '', NULL, NULL, NULL, NULL, '1503055123', NULL, NULL, '0', '0', '0');
REPLACE INTO `rvs_project_page` (`project_page_id`, `rvs_usr_id`, `page_name`, `custom_page_name`, `rvs_component_id`, `page_data`, `page_data_zone_2`, `page_data_zone_3`, `page_data_zone_4`, `colume_width_1`, `colume_width_2`, `colume_width_3`, `rvs_layout_id`, `head`, `page_title`, `meta_keyword`, `meta_description`, `effect_page_enter`, `duration_page_enter`, `meta_page_effect`, `rvs_link_id`, `target`, `form_template_id`, `i_pathway`, `i_mail`, `i_print`, `i_favorite`, `last_modifier`, `link_active`, `page_type`, `blank_page`, `set_draft`, `is_member_page`) VALUES ('6e847b846fe716af5f9f770165f537e5', '0c24eb591d61cbead8f94d167ad55751', 'Polaris', '', '', '<!-- ####### LAYOUT CSS: MODIFY COLOR, FONT AND BOX SIZE HERE BUT DO NOT DELETE. ####### --><style    type=\"text/css\">\n.type16head{\n		font-size:110%; \n		font-weight:bold; \n		color:#6E8869; \n		padding:3px 8px 7px 8px;\n} \n.type16subhead{\n		font-weight:bold; \n		color:#6E8869;\n} \n.type16padbullet{\n		padding: 5px 3px 3px 3px; \n		text-align:center;\n} \n.type16padtbl{padding:10px 10px;}\n.type16padlr{\n		margin:0px 8px;\n		border-top:dashed #7D7D7D 1px;\n}\n.type16padquote{padding:0px 10px;}\n.type16pararight{\n		padding:10px 10px;\n}\n.type16border01{\n		border:#93AC8E solid 1px; \n		color:#FFFFFF;\n}	\n.type16border02{\n		border:#FFFFFF solid 1px; \n		background-color:#A5BCA1;\n		padding:20px;\n}\n.type16btb01{border:#CADAC6 solid 1px;}	\n.type16btb02{\n		border:#FFFFFF solid 1px; \n		background-color:#CADAC6;\n}\n.type16lineshadow_t{background-image:url({WEBSITE_URL}/lineshadow_t.gif);}\n.type16lineshadow_b{background-image:url({WEBSITE_URL}/lineshadow_b.gif);}\n.type16bdrimg{ border:#FFFFFF solid 1px;}\n</style> <!-- ########################### END CSS LAYOUT ###########################  -->\n<table class=\"type16btb01\" cellspacing=\"0\" cellpadding=\"5\" width=\"100%\">\n<tbody>\n<tr>\n<td valign=\"top\">\n<table cellspacing=\"5\" cellpadding=\"0\">\n<tbody>\n<tr>\n<td valign=\"top\" align=\"left\">\n<table cellspacing=\"0\" cellpadding=\"0\" width=\"100%\">\n<tbody>\n<tr>\n<td valign=\"top\" align=\"left\">\n<table cellspacing=\"0\" cellpadding=\"0\" width=\"100%\">\n<tbody>\n<tr>\n<td class=\"type16head\" colspan=\"6\" align=\"left\">\n<div>Polaris&nbsp;</div>\n<div>&nbsp;</div>\n<div>&nbsp;</div>\n<div><img title=\"\" alt=\"\" width=\"165\" height=\"174\" src=\"{IMAGE_URL}/polariswelder.jpg\" />&nbsp;&nbsp; &nbsp;<img title=\"\" alt=\"\" width=\"165\" height=\"176\" src=\"{IMAGE_URL}/polarisspot.jpg\" />&nbsp;&nbsp;&nbsp; <img title=\"\" alt=\"\" width=\"131\" height=\"159\" src=\"{IMAGE_URL}/polarislead.jpg\" />&nbsp;&nbsp;&nbsp; <img title=\"\" alt=\"\" width=\"134\" height=\"147\" src=\"{IMAGE_URL}/polarisparallel.jpg\" />&nbsp;&nbsp;&nbsp; &nbsp;<img title=\"\" alt=\"\" width=\"120\" height=\"118\" src=\"{IMAGE_URL}/polarissnap.jpg\" /></div>\n<div>&nbsp;</div>\n<div>&nbsp;</div>\n<div>&nbsp;</div>\n<p align=\"center\"><a title=\"\" target=\"_blank\" href=\"http://www.polariselectronics.com\" onclick=\"window.open(this.getAttribute(\'href\'),\'POLARIS\');return false;\"><img title=\"\" border=\"0\" alt=\"\" width=\"300\" height=\"222\" src=\"{IMAGE_URL}/polarismachine.jpg\" />\n<div align=\"left\">&nbsp;</div></a></p></td></tr></tbody></table></td></tr>\n<tr>\n<td class=\"type16padtbl\" valign=\"top\" align=\"center\">\n&nbsp;&nbsp; <a title=\"\" href=\"f01205279f9738d4b30f78689625be1d.php\">BACK</a></td></tr></tbody></table></td>\n<td valign=\"top\" width=\"25%\">\n<table cellspacing=\"0\" cellpadding=\"0\" width=\"100%\" bgcolor=\"#ffffff\">\n<tbody>\n<tr></tr>\n<tr></tr>\n<tr></tr>\n<tr></tr>\n<tr></tr>\n<tr></tr></tbody></table></td></tr></tbody></table></td></tr></tbody></table>', NULL, NULL, NULL, NULL, NULL, NULL, '1', NULL, NULL, NULL, NULL, NULL, NULL, NULL, '', '', '', NULL, NULL, NULL, NULL, '1352965646', NULL, NULL, '0', '0', '0');
REPLACE INTO `rvs_project_page` (`project_page_id`, `rvs_usr_id`, `page_name`, `custom_page_name`, `rvs_component_id`, `page_data`, `page_data_zone_2`, `page_data_zone_3`, `page_data_zone_4`, `colume_width_1`, `colume_width_2`, `colume_width_3`, `rvs_layout_id`, `head`, `page_title`, `meta_keyword`, `meta_description`, `effect_page_enter`, `duration_page_enter`, `meta_page_effect`, `rvs_link_id`, `target`, `form_template_id`, `i_pathway`, `i_mail`, `i_print`, `i_favorite`, `last_modifier`, `link_active`, `page_type`, `blank_page`, `set_draft`, `is_member_page`) VALUES ('5ec5d2825f906e0773594a87c7a83d5e', '0c24eb591d61cbead8f94d167ad55751', 'CEI', '', '', '<!-- ####### LAYOUT CSS: MODIFY COLOR, FONT AND BOX SIZE HERE BUT DO NOT DELETE. ####### -->\n<div><style   type=\"text/css\">\n.type16head{\n		font-size:110%; \n		font-weight:bold; \n		color:#6E8869; \n		padding:3px 8px 7px 8px;\n} \n.type16subhead{\n		font-weight:bold; \n		color:#6E8869;\n} \n.type16padbullet{\n		padding: 5px 3px 3px 3px; \n		text-align:center;\n} \n.type16padtbl{padding:10px 10px;}\n.type16padlr{\n		margin:0px 8px;\n		border-top:dashed #7D7D7D 1px;\n}\n.type16padquote{padding:0px 10px;}\n.type16pararight{\n		padding:10px 10px;\n}\n.type16border01{\n		border:#93AC8E solid 1px; \n		color:#FFFFFF;\n}	\n.type16border02{\n		border:#FFFFFF solid 1px; \n		background-color:#A5BCA1;\n		padding:20px;\n}\n.type16btb01{border:#CADAC6 solid 1px;}	\n.type16btb02{\n		border:#FFFFFF solid 1px; \n		background-color:#CADAC6;\n}\n.type16lineshadow_t{background-image:url({WEBSITE_URL}/lineshadow_t.gif);}\n.type16lineshadow_b{background-image:url({WEBSITE_URL}/lineshadow_b.gif);}\n.type16bdrimg{ border:#FFFFFF solid 1px;}\n</style><!-- ########################### END CSS LAYOUT ###########################  --></div>\n<table class=\"type16btb01\" cellspacing=\"0\" cellpadding=\"5\" width=\"100%\">\n<tbody>\n<tr>\n<td valign=\"top\">\n<table cellspacing=\"5\" cellpadding=\"0\">\n<tbody>\n<tr>\n<td valign=\"top\" align=\"left\">\n<table cellspacing=\"0\" cellpadding=\"0\" width=\"100%\">\n<tbody>\n<tr>\n<td valign=\"top\" align=\"left\">\n<table cellspacing=\"0\" cellpadding=\"0\" width=\"100%\">\n<tbody>\n<tr>\n<td class=\"type16head\" colspan=\"6\" align=\"left\">CEI Products</td></tr>\n<tr>\n<td valign=\"top\" width=\"33%\">\n<table cellspacing=\"0\" cellpadding=\"3\" width=\"100%\">\n<tbody>\n<tr>\n<td valign=\"top\" colspan=\"2\" align=\"left\"><img class=\"type16bdrimg\" title=\"5\" border=\"5\" alt=\"5\" width=\"300\" height=\"256\" src=\"{IMAGE_URL}/ceiprod.jpg\" /></td></tr>\n<tr>\n<td class=\"type16padbullet\" valign=\"top\"><img alt=\"\" width=\"9\" height=\"9\" src=\"{IMAGE_URL}/layouttemplate/80aafd719a9709f99c9e2e64973317c4/bullet.gif\" /></td>\n<td valign=\"top\" align=\"left\"><br />\n</td></tr></tbody></table></td>\n<td class=\"type16linetd\"><img alt=\"\" width=\"2\" height=\"1\" src=\"{IMAGE_URL}/layouttemplate/80aafd719a9709f99c9e2e64973317c4/spacer.gif\" /></td>\n<td valign=\"top\" width=\"34%\">\n<table cellspacing=\"0\" cellpadding=\"3\" width=\"100%\">\n<tbody>\n<tr>\n<td valign=\"top\" colspan=\"2\" align=\"left\"><img style=\"width: 302px; height: 255px\" class=\"type16bdrimg\" title=\"\" border=\"10\" alt=\"\" width=\"302\" height=\"255\" src=\"{IMAGE_URL}/ceiprod2.jpg\" /></td></tr>\n<tr>\n<td class=\"type16padbullet\" valign=\"top\"><img alt=\"\" width=\"9\" height=\"9\" src=\"{IMAGE_URL}/layouttemplate/80aafd719a9709f99c9e2e64973317c4/bullet.gif\" /></td>\n<td valign=\"top\" align=\"left\"><br />\n</td></tr></tbody></table></td>\n<td class=\"type16linetd\"><img alt=\"\" width=\"2\" height=\"1\" src=\"{IMAGE_URL}/layouttemplate/80aafd719a9709f99c9e2e64973317c4/spacer.gif\" /></td>\n<td valign=\"top\" width=\"33%\">\n<table cellspacing=\"0\" cellpadding=\"3\" width=\"100%\">\n<tbody>\n<tr>\n<td valign=\"top\" colspan=\"2\" align=\"left\"><img style=\"margin: 1px\" class=\"type16bdrimg\" title=\"5\" border=\"5\" alt=\"5\" width=\"279\" height=\"251\" src=\"{IMAGE_URL}/ceiprod3.jpg\" /></td></tr>\n<tr>\n<td class=\"type16padbullet\" valign=\"top\"><img alt=\"\" width=\"9\" height=\"9\" src=\"{IMAGE_URL}/layouttemplate/80aafd719a9709f99c9e2e64973317c4/bullet.gif\" /></td>\n<td valign=\"top\" align=\"left\"><br />\n</td></tr></tbody></table></td></tr></tbody></table></td></tr>\n<tr>\n<td class=\"type16padtbl\" valign=\"top\" align=\"center\">\n<div><a title=\"\" target=\"_blank\" href=\"http://www.caparroenterprises.com\"><img title=\"5\" border=\"5\" alt=\"5\" width=\"349\" height=\"249\" src=\"{IMAGE_URL}/ceiprod4.jpg\" /></a></div>\n<div>&nbsp;</div>\n<div>&nbsp;&nbsp;&nbsp;&nbsp;&nbsp;&nbsp;&nbsp;	<a title=\"\" href=\"f01205279f9738d4b30f78689625be1d.php\">BACK</a></div></td></tr></tbody></table></td>\n<td valign=\"top\" width=\"25%\">\n<table cellspacing=\"0\" cellpadding=\"0\" width=\"100%\" bgcolor=\"#ffffff\">\n<tbody>\n<tr></tr>\n<tr></tr>\n<tr></tr>\n<tr></tr>\n<tr></tr>\n<tr></tr></tbody></table></td></tr></tbody></table></td></tr></tbody></table>', NULL, NULL, NULL, NULL, NULL, NULL, '1', NULL, NULL, NULL, NULL, NULL, NULL, NULL, '', '', '', NULL, NULL, NULL, NULL, '1352967246', NULL, NULL, '0', '0', '0');
REPLACE INTO `rvs_project_page` (`project_page_id`, `rvs_usr_id`, `page_name`, `custom_page_name`, `rvs_component_id`, `page_data`, `page_data_zone_2`, `page_data_zone_3`, `page_data_zone_4`, `colume_width_1`, `colume_width_2`, `colume_width_3`, `rvs_layout_id`, `head`, `page_title`, `meta_keyword`, `meta_description`, `effect_page_enter`, `duration_page_enter`, `meta_page_effect`, `rvs_link_id`, `target`, `form_template_id`, `i_pathway`, `i_mail`, `i_print`, `i_favorite`, `last_modifier`, `link_active`, `page_type`, `blank_page`, `set_draft`, `is_member_page`) VALUES ('1c4babe5a042cac0c8a66b9c19f156ad', '0c24eb591d61cbead8f94d167ad55751', 'Semicorp', '', '', '<!-- ####### LAYOUT CSS: MODIFY COLOR, FONT AND BOX SIZE HERE BUT DO NOT DELETE. ####### --><style  type=\"text/css\">\n.type16head{\n		font-size:110%; \n		font-weight:bold; \n		color:#6E8869; \n		padding:3px 8px 7px 8px;\n} \n.type16subhead{\n		font-weight:bold; \n		color:#6E8869;\n} \n.type16padbullet{\n		padding: 5px 3px 3px 3px; \n		text-align:center;\n} \n.type16padtbl{padding:10px 10px;}\n.type16padlr{\n		margin:0px 8px;\n		border-top:dashed #7D7D7D 1px;\n}\n.type16padquote{padding:0px 10px;}\n.type16pararight{\n		padding:10px 10px;\n}\n.type16border01{\n		border:#93AC8E solid 1px; \n		color:#FFFFFF;\n}	\n.type16border02{\n		border:#FFFFFF solid 1px; \n		background-color:#A5BCA1;\n		padding:20px;\n}\n.type16btb01{border:#CADAC6 solid 1px;}	\n.type16btb02{\n		border:#FFFFFF solid 1px; \n		background-color:#CADAC6;\n}\n.type16lineshadow_t{background-image:url({WEBSITE_URL}/lineshadow_t.gif);}\n.type16lineshadow_b{background-image:url({WEBSITE_URL}/lineshadow_b.gif);}\n.type16bdrimg{ border:#FFFFFF solid 1px;}\n</style><!-- ########################### END CSS LAYOUT ###########################  -->\n<table class=\"type16btb01\" cellspacing=\"0\" cellpadding=\"5\" width=\"100%\">\n<tbody>\n<tr>\n<td valign=\"top\">\n<table cellspacing=\"5\" cellpadding=\"0\">\n<tbody>\n<tr>\n<td valign=\"top\" align=\"left\">\n<table cellspacing=\"0\" cellpadding=\"0\" width=\"100%\">\n<tbody>\n<tr>\n<td valign=\"top\" align=\"left\">\n<table cellspacing=\"0\" cellpadding=\"0\" width=\"100%\">\n<tbody>\n<tr>\n<td class=\"type16head\" colspan=\"6\" align=\"left\">Semicorp Products</td></tr>\n<tr>\n<td valign=\"top\" width=\"33%\">\n<table cellspacing=\"0\" cellpadding=\"3\" width=\"100%\">\n<tbody>\n<tr>\n<td valign=\"top\" colspan=\"2\" align=\"left\">\n<p align=\"center\"><img style=\"width: 189px; height: 175px\" class=\"type16bdrimg\" title=\"\" alt=\"\" width=\"189\" height=\"175\" src=\"{IMAGE_URL}/semicorp3.jpg\" /></p>\n<div align=\"left\">&nbsp;</div>\n<p>&nbsp;</p></td></tr></tbody></table></td>\n<td class=\"type16linetd\"><img alt=\"\" width=\"2\" height=\"1\" src=\"{IMAGE_URL}/layouttemplate/80aafd719a9709f99c9e2e64973317c4/spacer.gif\" /></td>\n<td valign=\"top\" width=\"34%\">\n<table cellspacing=\"0\" cellpadding=\"3\" width=\"100%\">\n<tbody>\n<tr>\n<td valign=\"top\" colspan=\"2\" align=\"left\">\n<p align=\"center\"><img class=\"type16bdrimg\" title=\"\" alt=\"\" width=\"178\" height=\"179\" src=\"{IMAGE_URL}/semicorp2.jpg\" /></p>\n<div align=\"left\">&nbsp;</div></td></tr>\n<tr>\n<td class=\"type16padbullet\" valign=\"top\"></td>\n<td valign=\"top\" align=\"left\">\n<div>&nbsp;&nbsp;&nbsp;&nbsp;&nbsp;&nbsp;&nbsp;<img title=\"\" alt=\"\" width=\"161\" height=\"158\" src=\"{IMAGE_URL}/semicorp.jpg\" />&nbsp;<img style=\"width: 157px; height: 161px\" title=\"\" alt=\"\" width=\"157\" height=\"161\" src=\"{IMAGE_URL}/semicorp5.jpg\" /></div>\n<div align=\"left\">&nbsp;</div>\n<div>&nbsp;&nbsp;&nbsp;&nbsp;&nbsp;&nbsp;&nbsp; &nbsp;&nbsp;&nbsp;&nbsp;&nbsp;&nbsp;&nbsp;&nbsp; <a title=\"\" target=\"_blank\" href=\"http://www.semicorp.com\"><img style=\"width: 316px; height: 245px\" title=\"5\" border=\"5\" alt=\"5\" width=\"316\" height=\"245\" src=\"{IMAGE_URL}/semicorpprod.jpg\" /></a></div></td></tr></tbody></table></td>\n<td class=\"type16linetd\"><img alt=\"\" width=\"2\" height=\"1\" src=\"{IMAGE_URL}/layouttemplate/80aafd719a9709f99c9e2e64973317c4/spacer.gif\" /></td>\n<td valign=\"top\" width=\"33%\">\n<table cellspacing=\"0\" cellpadding=\"3\" width=\"100%\">\n<tbody>\n<tr>\n<td valign=\"top\" colspan=\"2\" align=\"left\">\n<p align=\"center\"><img style=\"width: 185px; height: 170px\" class=\"type16bdrimg\" title=\"\" alt=\"\" width=\"185\" height=\"170\" src=\"{IMAGE_URL}/semicorp4.jpg\" /></p>\n<div align=\"left\">&nbsp;</div></td></tr>\n<tr>\n<td class=\"type16padbullet\" valign=\"top\"></td>\n<td valign=\"top\" align=\"left\"></td></tr></tbody></table></td></tr></tbody></table></td></tr>\n<tr>\n<td class=\"type16padtbl\" valign=\"top\" align=\"center\">\n&nbsp;&nbsp;&nbsp;&nbsp;&nbsp;&nbsp;&nbsp;	<a title=\"\" href=\"f01205279f9738d4b30f78689625be1d.php\">BACK</a></td></tr></tbody></table></td>\n<td valign=\"top\" width=\"25%\">\n<table cellspacing=\"0\" cellpadding=\"0\" width=\"100%\" bgcolor=\"#ffffff\">\n<tbody>\n<tr></tr>\n<tr></tr>\n<tr></tr>\n<tr></tr>\n<tr></tr>\n<tr></tr></tbody></table></td></tr></tbody></table></td></tr></tbody></table>', NULL, NULL, NULL, NULL, NULL, NULL, '1', NULL, NULL, NULL, NULL, NULL, NULL, NULL, '', '', '', NULL, NULL, NULL, NULL, '1352968453', NULL, NULL, '0', '0', '0');
REPLACE INTO `rvs_publish` (`project_id`, `rvs_publish_protocal`, `rvs_publish_domain`, `rvs_publish_path`, `rvs_domain_path`) VALUES ('7a553e1a244f137ca736778972b3c10e', 'http', 'jhosmir.com', '', '/home/semidiv9/public_html/jhosmir.com');
REPLACE INTO `rvs_side_to_project` (`rvs_side_id`, `project_id`) VALUES ('4cb80095c4b0fb6e2010a7b5e0dafa17', '7a553e1a244f137ca736778972b3c10e');
REPLACE INTO `rvs_side_to_project` (`rvs_side_id`, `project_id`) VALUES ('a73a1394ff6639f39365a1ef3c49cdb0', '7a553e1a244f137ca736778972b3c10e');
REPLACE INTO `rvs_side` (`rvs_side_id`, `side_config`, `side_value`) VALUES ('4cb80095c4b0fb6e2010a7b5e0dafa17', 'top', '<div>&nbsp;&nbsp;&nbsp;&nbsp;&nbsp;&nbsp;&nbsp;&nbsp;&nbsp;</div>\r\n<div>&nbsp;</div>');
REPLACE INTO `rvs_side` (`rvs_side_id`, `side_config`, `side_value`) VALUES ('a73a1394ff6639f39365a1ef3c49cdb0', 'bottom', '<div><font style=\"font-size: smaller\">Jhosmir Enterprises Alrights Reserved&nbsp;2012</font></div>\r\n<div><font style=\"font-size: x-small\">&nbsp;&nbsp;&nbsp;&nbsp; <font style=\"font-size: xx-small\">Powered by: <a title=\"\" target=\"_blank\" href=\"http://mari315699.supersite.srsportal.com/\">Semilink Technology</a></font></font></div>');
REPLACE INTO `rvs_template_item` (`template_item_id`, `products_id`, `template_id`, `template_item_folder`, `template_type_s_preview`, `color_id`, `picture_id`) VALUES ('c5ff5133f7afcd719965c7f89eee9aa6', '18-749-1', 'c5ff5133f7afcd719965c7f89eee9aa6', 'pro_18-749-1_blue_bldg_1', 'jpg', '8', '6545734dd3be72609b3391f66f6a8c88');
REPLACE INTO `rvs_template_item_navigator_color` (`template_item_id`, `custom_color_group_id`) VALUES ('c5ff5133f7afcd719965c7f89eee9aa6', '2');
REPLACE INTO `rvs_template` (`template_id`, `default_template_item_id`, `default_template_item_id2`, `font_id`, `menustyle_id`, `navigator_id`, `default_layout_id`, `sort_priority`, `cdate`) VALUES ('c5ff5133f7afcd719965c7f89eee9aa6', 'c5ff5133f7afcd719965c7f89eee9aa6', '', '12', '1', '36', '68de2d4c36e9c8523d671ac530f1c153', '200', '1218067200');
REPLACE INTO `rvs_menustyle` (`menustyle_id`, `menustyle_description`) VALUES ('1', 'vertical');
REPLACE INTO `rvs_template_categories_xref` (`template_id`, `rvs_category_id`) VALUES ('c5ff5133f7afcd719965c7f89eee9aa6', '13');
REPLACE INTO `rvs_template_categories_xref` (`template_id`, `rvs_category_id`) VALUES ('c5ff5133f7afcd719965c7f89eee9aa6', '18');
REPLACE INTO `rvs_template_type_xref` (`template_id`, `template_type_id`) VALUES ('c5ff5133f7afcd719965c7f89eee9aa6', '2');
REPLACE INTO `rvs_template_type` (`template_type_id`, `template_type_name`) VALUES ('2', 'Two-tone');
REPLACE INTO `rvs_usr` (`rvs_usr_id`, `user_name`, `charset_id`) VALUES ('0c24eb591d61cbead8f94d167ad55751', 'semidiv9', '0');
